{"arkId":"cl010012322","url":"https:\/\/collections.louvre.fr\/ark:\/53355\/cl010012322","modified ":"2026-01-17","title":"figurine","titleComplement":"","denominationTitle":[{"type":"D\u00e9nomination","value":"figurine"}],"displayDateCreated":"Date de cr\u00e9ation\/fabrication : Basse \u00c9poque (-664 - -332)","currentLocation":"non expos\u00e9","room":"","isMuseesNationauxRecuperation":false,"dateCreated":[{"startYear":-664,"endYear":-332,"imprecision":"","text":"Basse \u00c9poque","type":"Date de cr\u00e9ation\/fabrication","doubt":""}],"creator":[],"objectNumber":[{"value":"N 4079 D","type":"Num\u00e9ro principal"}],"collection":"D\u00e9partement des Antiquit\u00e9s \u00e9gyptiennes","printsDrawingsEntity":"","printsDrawingsCollection":"","objectType":"","originalObject":"","printState":"","description":"Thot (dieu \u00e0 t\u00eate d\u0027ibis, debout, bras ballants, pagne) ; \u00e0 pilier dorsal (non perc\u00e9)","inscriptions":"","namesAndTitles":"","onomastics":"","dimension":[{"type":"Hauteur","value":"12,2","displayDimension":"12,2 cm","unit":"cm","anteriorPrecision":"","posteriorPrecision":"","tri":1,"note":""},{"type":"Largeur","value":"5","displayDimension":"5 cm","unit":"cm","anteriorPrecision":"","posteriorPrecision":"","tri":3,"note":""}],"shape":"","materialsAndTechniques":"Mat\u00e9riau : fa\u00efence siliceuse\r\nTechnique : ronde-bosse\r\nCouleur : bleu vert","placeOfCreation":"","dateOfDiscovery":"","placeOfDiscovery":"","provenance":"","historicalContext":[],"objectHistory":"","jabachInventory":"","napoleonInventory":"","previousOwner":[],"acquisitionDetails":[{"mode":"ancien fonds","doubt":"","dates":[{"type":"date de l\u0027inscription sur l\u0027inventaire","value":"16\/02\/1857","startYear":1857,"endYear":1857}]}],"ownedBy":"Etat","heldBy":"Mus\u00e9e du Louvre, D\u00e9partement des Antiquit\u00e9s \u00e9gyptiennes","longTermLoanTo":"","index":{"Mode d\u0027acquisition":[{"value":"ancien fonds"}],"denomination":[{"value":"figurine"}],"material":[{"value":"fa\u00efence siliceuse"}],"technic":[{"value":"ronde-bosse"}],"description":[{"value":"bras ballants"},{"value":"Thot"},{"value":"debout"},{"value":"dieu \u00e0 t\u00eate d\u0027ibis"},{"value":"pagne"},{"value":"non perc\u00e9"},{"value":"\u00e0 pilier dorsal"}],"period":[{"value":"Basse \u00c9poque"}]},"bibliography":[{"bibliographyRef":"Rendez-vous avec un pr\u00eatre \u00e9gyptien, cat. exp. (Plovdiv (Bulgarie), Mus\u00e9e r\u00e9gional d\u0027arch\u00e9ologie du 17\/06\/2015 au 18\/07\/2015 ; Sofia, Mus\u00e9e municipal d\u0027histoire du 23\/07\/2015 au 15\/09\/2015), Sofia, 2015","bibliographyDate":"2015","bibliographyDetail":"p. 59-68, p. 61","comparison":false},{"bibliographyRef":"Caubet, Annie ; Pierrat-Bonnefois, Genevi\u00e8ve (dir.), Fa\u00efences de l\u0027Antiquit\u00e9. De l\u0027\u00c9gypte \u00e0 l\u0027Iran, cat. exp. (Paris, mus\u00e9e du Louvre, 10 juin - 12 septembre 2005), Paris, Mus\u00e9e du Louvre \/ 5 Continents, 2005","bibliographyDate":"2005","bibliographyDetail":"p. 141, ill. p. 142, n\u00b0 390","comparison":false}],"exhibition":[{"value":"Rendez-vous avec un pr\u00eatre \u00e9gyptien, Sofia (Externe, Bulgarie), Mus\u00e9e r\u00e9gional d\u0027histoire, 23\/07\/2015 - 15\/09\/2015, \u00e9tape d\u0027une exposition itin\u00e9rante "},{"value":"Rendez-vous avec un pr\u00eatre \u00e9gyptien, Plovdiv (Bulgarie), Mus\u00e9e r\u00e9gional d\u0027arch\u00e9ologie, 17\/06\/2015 - 18\/07\/2015, \u00e9tape d\u0027une exposition itin\u00e9rante "},{"value":"Rendez-vous avec un pr\u00eatre \u00e9gyptien (\u00e0 supprimer), Plovdiv (Bulgarie), Mus\u00e9e r\u00e9gional d\u0027arch\u00e9ologie, 15\/06\/2015 - 15\/09\/2015 "},{"value":"L\u0027Egypte de sable et d\u0027azur. La fa\u00efence dans la civilisation \u00e9gyptienne, Le Mans (France), Mus\u00e9e de Tess\u00e9, 24\/11\/2006 - 01\/04\/2007 "}],"relatedWork":[],"image":[{"urlImage":"https:\/\/collections.louvre.fr\/media\/cache\/large\/0000000021\/0000012322\/0000374409_OG.JPG","urlThumbnail":"https:\/\/collections.louvre.fr\/media\/cache\/small\/0000000021\/0000012322\/0000374409_OG.JPG","copyright":"\u00a9 2015 Mus\u00e9e du Louvre, Dist. GrandPalaisRmn \/ Christian D\u00e9camps","type":"trois quarts droit","position":0},{"urlImage":"https:\/\/collections.louvre.fr\/media\/cache\/large\/0000000021\/0000012322\/0000374408_OG.JPG","urlThumbnail":"https:\/\/collections.louvre.fr\/media\/cache\/small\/0000000021\/0000012322\/0000374408_OG.JPG","copyright":"\u00a9 2015 Mus\u00e9e du Louvre, Dist. GrandPalaisRmn \/ Christian D\u00e9camps","type":"face, recto, avers, avant","position":1},{"urlImage":"https:\/\/collections.louvre.fr\/media\/cache\/large\/0000000021\/0000012322\/0000374410_OG.JPG","urlThumbnail":"https:\/\/collections.louvre.fr\/media\/cache\/small\/0000000021\/0000012322\/0000374410_OG.JPG","copyright":"\u00a9 2015 Mus\u00e9e du Louvre, Dist. GrandPalaisRmn \/ Christian D\u00e9camps","type":"profil gauche","position":2},{"urlImage":"https:\/\/collections.louvre.fr\/media\/cache\/large\/0000000021\/0000012322\/0000374411_OG.JPG","urlThumbnail":"https:\/\/collections.louvre.fr\/media\/cache\/small\/0000000021\/0000012322\/0000374411_OG.JPG","copyright":"\u00a9 2015 Mus\u00e9e du Louvre, Dist. GrandPalaisRmn \/ Christian D\u00e9camps","type":"trois quarts dos","position":3}]}

Dénomination

Date de création/fabrication : Basse Époque (-664 - -332)

non exposé

Basse Époque

Date de création/fabrication

Numéro principal

Département des Antiquités égyptiennes

Thot (dieu à tête d'ibis, debout, bras ballants, pagne) ; à pilier dorsal (non percé)

Matériau : faïence siliceuse
Technique : ronde-bosse
Couleur : bleu vert

Musée du Louvre, Département des Antiquités égyptiennes

faïence siliceuse

dieu à tête d'ibis

non percé

à pilier dorsal

Rendez-vous avec un prêtre égyptien, cat. exp. (Plovdiv (Bulgarie), Musée régional d'archéologie du 17/06/2015 au 18/07/2015 ; Sofia, Musée municipal d'histoire du 23/07/2015 au 15/09/2015), Sofia, 2015

Caubet, Annie ; Pierrat-Bonnefois, Geneviève (dir.), Faïences de l'Antiquité. De l'Égypte à l'Iran, cat. exp. (Paris, musée du Louvre, 10 juin - 12 septembre 2005), Paris, Musée du Louvre / 5 Continents, 2005

Rendez-vous avec un prêtre égyptien, Sofia (Externe, Bulgarie), Musée régional d'histoire, 23/07/2015 - 15/09/2015, étape d'une exposition itinérante

Rendez-vous avec un prêtre égyptien, Plovdiv (Bulgarie), Musée régional d'archéologie, 17/06/2015 - 18/07/2015, étape d'une exposition itinérante

Rendez-vous avec un prêtre égyptien (à supprimer), Plovdiv (Bulgarie), Musée régional d'archéologie, 15/06/2015 - 15/09/2015

L'Egypte de sable et d'azur. La faïence dans la civilisation égyptienne, Le Mans (France), Musée de Tessé, 24/11/2006 - 01/04/2007

© 2015 Musée du Louvre, Dist. GrandPalaisRmn / Christian Décamps
