{"arkId":"cl010120911","url":"https:\/\/collections.louvre.fr\/ark:\/53355\/cl010120911","modified ":"2026-02-24","title":"vase","titleComplement":"","denominationTitle":[{"type":"D\u00e9nomination","value":"vase"}],"displayDateCreated":"Date de cr\u00e9ation\/fabrication : Parthe (IIe s ap JC ; IIIe s ap JC) (-247 - 224)","currentLocation":"non expos\u00e9","room":"","isMuseesNationauxRecuperation":false,"dateCreated":[{"startYear":-247,"endYear":224,"imprecision":"","text":"Parthe","type":"Date de cr\u00e9ation\/fabrication","doubt":""}],"creator":[],"objectNumber":[{"value":"SB 3510","type":"Num\u00e9ro principal"},{"value":"GS 2345","type":"N\u00b0 de fouille"},{"value":"R 648","type":"N\u00b0 de fouille"}],"collection":"D\u00e9partement des Antiquit\u00e9s orientales","printsDrawingsEntity":"","printsDrawingsCollection":"","objectType":"","originalObject":"","printState":"","description":"cruche\r\n\r\nEtat de l\u0027oeuvre : \u00e9br\u00e9ch\u00e9\r\nPr\u00e9cision sur l\u0027objet : Cruche \u00e0 anse, d\u00e9cor\u00e9e de lignes horizontales en creux; traces de pernettes sur la l\u00e8vre.","inscriptions":"","namesAndTitles":"","onomastics":"","dimension":[{"type":"Hauteur","value":"23","displayDimension":"23 cm","unit":"cm","anteriorPrecision":"","posteriorPrecision":"","tri":1,"note":""},{"type":"Diam\u00e8tre","value":"16","displayDimension":"16 cm","unit":"cm","anteriorPrecision":"","posteriorPrecision":"","tri":4,"note":""}],"shape":"","materialsAndTechniques":"Mat\u00e9riau : c\u00e9ramique argileuse \u00e0 gla\u00e7ure (d\u00e9graissant min\u00e9ral fin noir, gla\u00e7ure vert p\u00e2le)\r\nTechnique : tourn\u00e9, gla\u00e7ur\u00e9","placeOfCreation":"","dateOfDiscovery":"1934","placeOfDiscovery":"Suse","provenance":"","historicalContext":[],"objectHistory":"","jabachInventory":"","napoleonInventory":"","previousOwner":[{"value":"M. Mecquenem de, Roland","note":" (mission)","role":", Fouilleur\/Arch\u00e9ologue"}],"acquisitionDetails":[{"mode":"partage apr\u00e8s fouilles","doubt":"","dates":[]}],"ownedBy":"Etat","heldBy":"Mus\u00e9e du Louvre, D\u00e9partement des Antiquit\u00e9s orientales","longTermLoanTo":"","index":{"Mode d\u0027acquisition":[{"value":"partage apr\u00e8s fouilles"}],"denomination":[{"value":"vase"}],"material":[{"value":"c\u00e9ramique argileuse \u00e0 gla\u00e7ure"}],"technic":[{"value":"gla\u00e7ur\u00e9"},{"value":"tourn\u00e9"}],"description":[{"value":"cruche"}],"place":[{"value":"Suse"}]},"bibliography":[{"bibliographyRef":"Caubet, Annie (dir.), Bouquillon, Anne ; Caubet, Annie ; Kaczmarczyk, Alexander ; Mato\u00efan, Val\u00e9rie, Fa\u00efences et mati\u00e8res vitreuses de l\u0027Orient ancien. Etude physico-chimique et catalogue des oeuvres du d\u00e9partement des Antiquit\u00e9s orientales, [Mus\u00e9e du Louvre\/D\u00e9partement des Antiquit\u00e9s orientales], Paris, Mus\u00e9e du Louvre \/ Snoeck, 2007","bibliographyDate":"2007","bibliographyDetail":"p. 146, n\u00b0 101","comparison":false},{"bibliographyRef":"Caubet, Annie ; Pierrat-Bonnefois, Genevi\u00e8ve (dir.), Fa\u00efences de l\u0027Antiquit\u00e9. De l\u0027\u00c9gypte \u00e0 l\u0027Iran, cat. exp. (Paris, mus\u00e9e du Louvre, 10 juin - 12 septembre 2005), Paris, Mus\u00e9e du Louvre \/ 5 Continents, 2005","bibliographyDate":"2005","bibliographyDetail":"p. 179, ill. p. 179, n\u00b0 482","comparison":false}],"exhibition":[{"value":"Fa\u00efences. Fa\u00efences de l\u0027antiquit\u00e9. De l\u0027Egypte \u00e0 l\u0027Iran., Napol\u00e9on, Exposition Temporaire sous pyramide, 10\/06\/2005 - 12\/09\/2005 "}],"relatedWork":[],"image":[{"urlImage":"https:\/\/collections.louvre.fr\/media\/cache\/large\/0000000021\/0000120911\/0001348905_OG.JPG","urlThumbnail":"https:\/\/collections.louvre.fr\/media\/cache\/small\/0000000021\/0000120911\/0001348905_OG.JPG","copyright":"\u00a9 2025 Mus\u00e9e du Louvre \/ D\u00e9partement des Antiquit\u00e9s orientales","type":"","position":0},{"urlImage":"https:\/\/collections.louvre.fr\/media\/cache\/large\/0000000021\/0000120911\/0000399319_OG.JPG","urlThumbnail":"https:\/\/collections.louvre.fr\/media\/cache\/small\/0000000021\/0000120911\/0000399319_OG.JPG","copyright":"\u00a9 2015 Mus\u00e9e du Louvre \/ D\u00e9partement des Antiquit\u00e9s orientales","type":"","position":1},{"urlImage":"https:\/\/collections.louvre.fr\/media\/cache\/large\/0000000021\/0000120911\/0000233107_OG.JPG","urlThumbnail":"https:\/\/collections.louvre.fr\/media\/cache\/small\/0000000021\/0000120911\/0000233107_OG.JPG","copyright":"\u00a9 2005 Mus\u00e9e du Louvre, Dist. GrandPalaisRmn \/ Rapha\u00ebl Chipault","type":"","position":2}]}

Dénomination

Date de création/fabrication : Parthe (IIe s ap JC ; IIIe s ap JC) (-247 - 224)

non exposé

Date de création/fabrication

Numéro principal

Département des Antiquités orientales

cruche

Etat de l'oeuvre : ébréché
Précision sur l'objet : Cruche à anse, décorée de lignes horizontales en creux; traces de pernettes sur la lèvre.

Diamètre

Matériau : céramique argileuse à glaçure (dégraissant minéral fin noir, glaçure vert pâle)
Technique : tourné, glaçuré

, Fouilleur/Archéologue

partage après fouilles

Musée du Louvre, Département des Antiquités orientales

céramique argileuse à glaçure

glaçuré

tourné

Caubet, Annie (dir.), Bouquillon, Anne ; Caubet, Annie ; Kaczmarczyk, Alexander ; Matoïan, Valérie, Faïences et matières vitreuses de l'Orient ancien. Etude physico-chimique et catalogue des oeuvres du département des Antiquités orientales, [Musée du Louvre/Département des Antiquités orientales], Paris, Musée du Louvre / Snoeck, 2007

Caubet, Annie ; Pierrat-Bonnefois, Geneviève (dir.), Faïences de l'Antiquité. De l'Égypte à l'Iran, cat. exp. (Paris, musée du Louvre, 10 juin - 12 septembre 2005), Paris, Musée du Louvre / 5 Continents, 2005

Faïences. Faïences de l'antiquité. De l'Egypte à l'Iran., Napoléon, Exposition Temporaire sous pyramide, 10/06/2005 - 12/09/2005

© 2025 Musée du Louvre / Département des Antiquités orientales

© 2015 Musée du Louvre / Département des Antiquités orientales

© 2005 Musée du Louvre, Dist. GrandPalaisRmn / Raphaël Chipault
