{"arkId":"cl010259936","url":"https:\/\/collections.louvre.fr\/ark:\/53355\/cl010259936","modified ":"2026-04-23","title":"figurine","titleComplement":"","denominationTitle":[{"type":"D\u00e9nomination","value":"figurine"}],"displayDateCreated":"Epoque \/ p\u00e9riode : romain imp\u00e9rial\r\n\r\nDate de cr\u00e9ation\/fabrication : Ie s. ap. J.-C. (1 - 100)","currentLocation":"Sully, [AGER] Salle 647 - Figurines en terre cuite grecques - \u00c9poques hell\u00e9nistique et romaine, Vitrine 9 murale","room":"Salle 647, Aile Aile Sully, Niveau 1","isMuseesNationauxRecuperation":false,"dateCreated":[{"startYear":1,"endYear":100,"imprecision":"","text":"Ie s. ap. J.-C.","type":"Date de cr\u00e9ation\/fabrication","doubt":""}],"creator":[],"objectNumber":[{"value":"CA 1984","type":"Num\u00e9ro d\u0027entr\u00e9e"}],"collection":"D\u00e9partement des Antiquit\u00e9s grecques, \u00e9trusques et romaines","printsDrawingsEntity":"","printsDrawingsCollection":"","objectType":"","originalObject":"adaptation de H\u00e9racl\u00e8s Epitrapezios","printState":"","description":"H\u00e9rakl\u00e8s (barbe, nu, assis, sur, rocher, l\u00e9ont\u00e9, sur, bras, tenant, massue)\r\n\r\nEtat de l\u0027oeuvre : incomplet : il manque l\u0027avant-bras droit et le pied gauche. Le bas du revers a \u00e9t\u00e9 refait.","inscriptions":"","namesAndTitles":"","onomastics":"","dimension":[{"type":"Hauteur","value":"10","displayDimension":"10 cm","unit":"cm","anteriorPrecision":"","posteriorPrecision":"","tri":1,"note":""},{"type":"Largeur","value":"7,1","displayDimension":"7,1 cm","unit":"cm","anteriorPrecision":"","posteriorPrecision":"","tri":3,"note":""},{"type":"Profondeur","value":"4","displayDimension":"4 cm","unit":"cm","anteriorPrecision":"","posteriorPrecision":"","tri":6,"note":""}],"shape":"","materialsAndTechniques":"Mat\u00e9riau : argile (argile bistre)\r\nTechnique : moule bivalve (moul\u00e9) (revers lisse), peinture (traces de peinture brun rouge sur l\u0027ensemble ; traces de bleu sur la couronne), trou d\u0027\u00e9vent (rond dans le dos)\r\nPr\u00e9cision technique : base ouverte ; reprise \u00e0 l\u0027outil de la suture des moules","placeOfCreation":"Tarse","dateOfDiscovery":"","placeOfDiscovery":"Gr\u00e8ce","provenance":"","historicalContext":[],"objectHistory":"","jabachInventory":"","napoleonInventory":"","previousOwner":[{"value":"Dosseur, Fernand-Henri et Darasse-Dosseur, Marie","note":"","role":", Collectionneur"}],"acquisitionDetails":[{"mode":"achat","doubt":"","dates":[{"type":"date","value":"1914","startYear":1914,"endYear":1914}]}],"ownedBy":"Etat","heldBy":"Mus\u00e9e du Louvre, D\u00e9partement des Antiquit\u00e9s grecques, \u00e9trusques et romaines","longTermLoanTo":"","index":{"Mode d\u0027acquisition":[{"value":"achat"}],"denomination":[{"value":"figurine"}],"material":[{"value":"argile"}],"technic":[{"value":"moule bivalve"},{"value":"peinture"},{"value":"trou d\u0027\u00e9vent"}],"description":[{"value":"l\u00e9ont\u00e9"},{"value":"massue"},{"value":"nu"},{"value":"rocher"},{"value":"bras"},{"value":"barbe"},{"value":"H\u00e9rakl\u00e8s"},{"value":"tenant"},{"value":"assis"},{"value":"sur"}],"period":[{"value":"romain imp\u00e9rial"}],"place":[{"value":"Tarse"},{"value":"Gr\u00e8ce"}]},"bibliography":[{"bibliographyRef":"Bernard, Clara ; Abbou, Julie, \u00ab Les figurines de Tarse. Partie II. Etude technique : mise en oeuvre du moulage et de la polychromie \u00bb, Pallas, 121, 2023, p. 113-127","bibliographyDate":"2023","bibliographyDetail":"p. 114, 119, 123, fig. 9 d, 10 d","comparison":false},{"bibliographyRef":"Vandenberghe, Yannick ; Bouquillon, Anne ; Doublet, Christel ; Maigret, Anne, \u00ab Les figurines de Tarse. Partie III. Etude mat\u00e9rielle et analyses physico-chimiques \u00bb, Pallas, 121, 2023, p. 129-142","bibliographyDate":"2023","bibliographyDetail":"p. 133, 134","comparison":false},{"bibliographyRef":"Besques, Simone, Catalogue raisonn\u00e9 des figurines et reliefs en terre-cuite grecs, \u00e9trusques et romains III. Epoques hell\u00e9nistique et romaine, Gr\u00e8ce et Asie Mineure, Paris, Editions des Mus\u00e9es Nationaux, 1972","bibliographyDate":"1972","bibliographyDetail":"p. 287, pl. 359E, ED 2337","comparison":false}],"exhibition":[{"value":"P\u00e9riples anatoliens, Izmir (Externe, Turquie), Arkas Sanat Merkesi, 07\/09\/2016 - 18\/12\/2016 "}],"relatedWork":[],"image":[{"urlImage":"https:\/\/collections.louvre.fr\/media\/cache\/large\/0000000021\/0000259936\/0000825319_OG.JPG","urlThumbnail":"https:\/\/collections.louvre.fr\/media\/cache\/small\/0000000021\/0000259936\/0000825319_OG.JPG","copyright":"\u00a9 2007 GrandPalaisRmn (mus\u00e9e du Louvre) \/ Herv\u00e9 Lewandowski","type":"","position":0},{"urlImage":"https:\/\/collections.louvre.fr\/media\/cache\/large\/0000000021\/0000259936\/0000829792_OG.JPG","urlThumbnail":"https:\/\/collections.louvre.fr\/media\/cache\/small\/0000000021\/0000259936\/0000829792_OG.JPG","copyright":"\u00a9 2016 GrandPalaisRmn (mus\u00e9e du Louvre) \/ St\u00e9phane Mar\u00e9challe","type":"","position":1},{"urlImage":"https:\/\/collections.louvre.fr\/media\/cache\/large\/0000000021\/0000259936\/0000829793_OG.JPG","urlThumbnail":"https:\/\/collections.louvre.fr\/media\/cache\/small\/0000000021\/0000259936\/0000829793_OG.JPG","copyright":"\u00a9 2016 GrandPalaisRmn (mus\u00e9e du Louvre) \/ St\u00e9phane Mar\u00e9challe","type":"","position":2},{"urlImage":"https:\/\/collections.louvre.fr\/media\/cache\/large\/0000000021\/0000259936\/0000829794_OG.JPG","urlThumbnail":"https:\/\/collections.louvre.fr\/media\/cache\/small\/0000000021\/0000259936\/0000829794_OG.JPG","copyright":"\u00a9 2016 GrandPalaisRmn (mus\u00e9e du Louvre) \/ St\u00e9phane Mar\u00e9challe","type":"","position":3}]}

Dénomination

Epoque / période : romain impérial

Date de création/fabrication : Ie s. ap. J.-C. (1 - 100)

Sully, [AGER] Salle 647 - Figurines en terre cuite grecques - Époques hellénistique et romaine, Vitrine 9 murale

Date de création/fabrication

Numéro d'entrée

Département des Antiquités grecques, étrusques et romaines

adaptation de Héraclès Epitrapezios

Héraklès (barbe, nu, assis, sur, rocher, léonté, sur, bras, tenant, massue)

Etat de l'oeuvre : incomplet : il manque l'avant-bras droit et le pied gauche. Le bas du revers a été refait.

Matériau : argile (argile bistre)
Technique : moule bivalve (moulé) (revers lisse), peinture (traces de peinture brun rouge sur l'ensemble ; traces de bleu sur la couronne), trou d'évent (rond dans le dos)
Précision technique : base ouverte ; reprise à l'outil de la suture des moules

Grèce

Musée du Louvre, Département des Antiquités grecques, étrusques et romaines

trou d'évent

léonté

Héraklès

romain impérial

Vandenberghe, Yannick ; Bouquillon, Anne ; Doublet, Christel ; Maigret, Anne, « Les figurines de Tarse. Partie III. Etude matérielle et analyses physico-chimiques », Pallas, 121, 2023, p. 129-142

Besques, Simone, Catalogue raisonné des figurines et reliefs en terre-cuite grecs, étrusques et romains III. Epoques hellénistique et romaine, Grèce et Asie Mineure, Paris, Editions des Musées Nationaux, 1972

Périples anatoliens, Izmir (Externe, Turquie), Arkas Sanat Merkesi, 07/09/2016 - 18/12/2016

© 2007 GrandPalaisRmn (musée du Louvre) / Hervé Lewandowski

© 2016 GrandPalaisRmn (musée du Louvre) / Stéphane Maréchalle
