{"arkId":"cl010278764","url":"https:\/\/collections.louvre.fr\/ark:\/53355\/cl010278764","modified ":"2026-03-29","title":"statue","titleComplement":"","denominationTitle":[{"type":"D\u00e9nomination","value":"statue (fragment, t\u00eate)"}],"displayDateCreated":"Epoque \/ p\u00e9riode : \u00e9poque moderne (?); \u00e9poque contemporaine (?) ; romain imp\u00e9rial (?)","currentLocation":"non expos\u00e9","room":"","isMuseesNationauxRecuperation":false,"dateCreated":[],"creator":[],"objectNumber":[{"value":"IPS 259","type":"Autre num\u00e9ro d\u0027inventaire"},{"value":"Ma 5327","type":"Num\u00e9ro catalogue"}],"collection":"D\u00e9partement des Antiquit\u00e9s grecques, \u00e9trusques et romaines","printsDrawingsEntity":"","printsDrawingsCollection":"","objectType":"","originalObject":"","printState":"","description":"\u0153uvre moderne (?) ; homme (portrait, manteau)\r\n\r\nEtat de l\u0027oeuvre : incomplet, moins nez, \u00e9clats\r\nRestauration : montage moderne (t\u00eate moderne ou antique retaill\u00e9e sur buste moderne drap\u00e9) nez refait en marbre","inscriptions":"","namesAndTitles":"","onomastics":"","dimension":[{"type":"Hauteur","value":"65","displayDimension":"65 cm","unit":"cm","anteriorPrecision":"","posteriorPrecision":"","tri":1,"note":""},{"type":"Largeur","value":"62","displayDimension":"62 cm","unit":"cm","anteriorPrecision":"","posteriorPrecision":"","tri":3,"note":""},{"type":"Profondeur","value":"27,5","displayDimension":"27,5 cm","unit":"cm","anteriorPrecision":"","posteriorPrecision":"","tri":6,"note":""}],"shape":"","materialsAndTechniques":"Mat\u00e9riau : marbre\r\nTechnique : ronde-bosse (sculpture)","placeOfCreation":"Italie","dateOfDiscovery":"","placeOfDiscovery":"","provenance":"","historicalContext":[],"objectHistory":"","jabachInventory":"","napoleonInventory":"","previousOwner":[],"acquisitionDetails":[{"mode":"ancien fonds","doubt":"","dates":[]}],"ownedBy":"Etat","heldBy":"Mus\u00e9e du Louvre, D\u00e9partement des Antiquit\u00e9s grecques, \u00e9trusques et romaines","longTermLoanTo":"","index":{"Mode d\u0027acquisition":[{"value":"ancien fonds"}],"denomination":[{"value":"statue"},{"value":"fragment"},{"value":"t\u00eate"}],"material":[{"value":"marbre"}],"technic":[{"value":"ronde-bosse"}],"description":[{"value":"manteau"},{"value":"\u0153uvre moderne"},{"value":"portrait"},{"value":"homme"}],"period":[{"value":"romain imp\u00e9rial"},{"value":"\u00e9poque moderne"},{"value":"\u00e9poque contemporaine"}],"place":[{"value":"Italie"}]},"bibliography":[],"exhibition":[],"relatedWork":[],"image":[{"urlImage":"https:\/\/collections.louvre.fr\/media\/cache\/original\/0000000021\/0000278764\/0000832666_OG.JPG","urlThumbnail":"https:\/\/collections.louvre.fr\/media\/cache\/small\/0000000021\/0000278764\/0000832666_OG.JPG","copyright":"\u00a9 2009 Mus\u00e9e du Louvre, Dist. GrandPalaisRmn \/ Daniel Leb\u00e9e\/Carine Deambrosis","type":"","position":0},{"urlImage":"https:\/\/collections.louvre.fr\/media\/cache\/original\/0000000021\/0000278764\/0000832667_OG.JPG","urlThumbnail":"https:\/\/collections.louvre.fr\/media\/cache\/small\/0000000021\/0000278764\/0000832667_OG.JPG","copyright":"\u00a9 2009 Mus\u00e9e du Louvre, Dist. GrandPalaisRmn \/ Daniel Leb\u00e9e\/Carine Deambrosis","type":"","position":1},{"urlImage":"https:\/\/collections.louvre.fr\/media\/cache\/original\/0000000021\/0000278764\/0000832668_OG.JPG","urlThumbnail":"https:\/\/collections.louvre.fr\/media\/cache\/small\/0000000021\/0000278764\/0000832668_OG.JPG","copyright":"\u00a9 2009 Mus\u00e9e du Louvre, Dist. GrandPalaisRmn \/ Daniel Leb\u00e9e\/Carine Deambrosis","type":"","position":2},{"urlImage":"https:\/\/collections.louvre.fr\/media\/cache\/original\/0000000021\/0000278764\/0000832669_OG.JPG","urlThumbnail":"https:\/\/collections.louvre.fr\/media\/cache\/small\/0000000021\/0000278764\/0000832669_OG.JPG","copyright":"\u00a9 2009 Mus\u00e9e du Louvre, Dist. GrandPalaisRmn \/ Daniel Leb\u00e9e\/Carine Deambrosis","type":"","position":3}]}

Dénomination

statue (fragment, tête)

Epoque / période : époque moderne (?); époque contemporaine (?) ; romain impérial (?)

non exposé

Autre numéro d'inventaire

Numéro catalogue

Département des Antiquités grecques, étrusques et romaines

œuvre moderne (?) ; homme (portrait, manteau)

Etat de l'oeuvre : incomplet, moins nez, éclats
Restauration : montage moderne (tête moderne ou antique retaillée sur buste moderne drapé) nez refait en marbre

Matériau : marbre
Technique : ronde-bosse (sculpture)

Musée du Louvre, Département des Antiquités grecques, étrusques et romaines

tête

œuvre moderne

romain impérial

époque moderne

époque contemporaine

© 2009 Musée du Louvre, Dist. GrandPalaisRmn / Daniel Lebée/Carine Deambrosis
