{"arkId":"cl010278811","url":"https:\/\/collections.louvre.fr\/ark:\/53355\/cl010278811","modified ":"2026-03-29","title":"statue","titleComplement":"","denominationTitle":[{"type":"D\u00e9nomination","value":"statue (fragment, t\u00eate)"}],"displayDateCreated":"Epoque \/ p\u00e9riode : \u00e9poque moderne (?); \u00e9poque contemporaine (?)","currentLocation":"non expos\u00e9","room":"","isMuseesNationauxRecuperation":false,"dateCreated":[],"creator":[],"objectNumber":[{"value":"Ma 5380","type":"Num\u00e9ro catalogue"}],"collection":"D\u00e9partement des Antiquit\u00e9s grecques, \u00e9trusques et romaines","printsDrawingsEntity":"","printsDrawingsCollection":"","objectType":"","originalObject":"","printState":"","description":"\u0153uvre moderne ; homme (?, portrait)\r\n\r\nEtat de l\u0027oeuvre : incomplet-moins bas de l\u0027encolure-\u00e9clats\r\nRestauration : refait(en pl\u00e2tre,lacunes)","inscriptions":"","namesAndTitles":"","onomastics":"","dimension":[{"type":"Hauteur","value":"37","displayDimension":"37 cm","unit":"cm","anteriorPrecision":"","posteriorPrecision":"","tri":1,"note":""},{"type":"Largeur","value":"20","displayDimension":"20 cm","unit":"cm","anteriorPrecision":"","posteriorPrecision":"","tri":3,"note":""},{"type":"Profondeur","value":"26","displayDimension":"26 cm","unit":"cm","anteriorPrecision":"","posteriorPrecision":"","tri":6,"note":""},{"type":"Hauteur avec accessoire","value":"52,5","displayDimension":"52,5 cm","unit":"cm","anteriorPrecision":"","posteriorPrecision":"","tri":13,"note":""}],"shape":"","materialsAndTechniques":"Mat\u00e9riau : marbre\r\nTechnique : ronde-bosse (sculpture)","placeOfCreation":"Gaule (?) ; Italie (?)","dateOfDiscovery":"","placeOfDiscovery":"","provenance":"","historicalContext":[],"objectHistory":"","jabachInventory":"","napoleonInventory":"","previousOwner":[],"acquisitionDetails":[{"mode":"ancien fonds","doubt":"","dates":[]}],"ownedBy":"Etat","heldBy":"Mus\u00e9e du Louvre, D\u00e9partement des Antiquit\u00e9s grecques, \u00e9trusques et romaines","longTermLoanTo":"","index":{"Mode d\u0027acquisition":[{"value":"ancien fonds"}],"denomination":[{"value":"statue"},{"value":"fragment"},{"value":"t\u00eate"}],"material":[{"value":"marbre"}],"technic":[{"value":"ronde-bosse"}],"description":[{"value":"\u0153uvre moderne"},{"value":"portrait"},{"value":"homme"}],"period":[{"value":"\u00e9poque moderne"},{"value":"\u00e9poque contemporaine"}],"place":[{"value":"Gaule"},{"value":"Italie"}]},"bibliography":[],"exhibition":[],"relatedWork":[],"image":[{"urlImage":"https:\/\/collections.louvre.fr\/media\/cache\/original\/0000000021\/0000278811\/0000455198_OG.JPG","urlThumbnail":"https:\/\/collections.louvre.fr\/media\/cache\/small\/0000000021\/0000278811\/0000455198_OG.JPG","copyright":"\u00a9 2009 Mus\u00e9e du Louvre \/ D\u00e9partement des Antiquit\u00e9s grecques, \u00e9trusques et romaines","type":"","position":0},{"urlImage":"https:\/\/collections.louvre.fr\/media\/cache\/original\/0000000021\/0000278811\/0000832856_OG.JPG","urlThumbnail":"https:\/\/collections.louvre.fr\/media\/cache\/small\/0000000021\/0000278811\/0000832856_OG.JPG","copyright":"\u00a9 2009 Mus\u00e9e du Louvre, Dist. GrandPalaisRmn \/ Daniel Leb\u00e9e\/Carine Deambrosis","type":"","position":1},{"urlImage":"https:\/\/collections.louvre.fr\/media\/cache\/original\/0000000021\/0000278811\/0000832857_OG.JPG","urlThumbnail":"https:\/\/collections.louvre.fr\/media\/cache\/small\/0000000021\/0000278811\/0000832857_OG.JPG","copyright":"\u00a9 2009 Mus\u00e9e du Louvre, Dist. GrandPalaisRmn \/ Daniel Leb\u00e9e\/Carine Deambrosis","type":"","position":2},{"urlImage":"https:\/\/collections.louvre.fr\/media\/cache\/original\/0000000021\/0000278811\/0000832858_OG.JPG","urlThumbnail":"https:\/\/collections.louvre.fr\/media\/cache\/small\/0000000021\/0000278811\/0000832858_OG.JPG","copyright":"\u00a9 2009 Mus\u00e9e du Louvre, Dist. GrandPalaisRmn \/ Daniel Leb\u00e9e\/Carine Deambrosis","type":"","position":3},{"urlImage":"https:\/\/collections.louvre.fr\/media\/cache\/original\/0000000021\/0000278811\/0000832859_OG.JPG","urlThumbnail":"https:\/\/collections.louvre.fr\/media\/cache\/small\/0000000021\/0000278811\/0000832859_OG.JPG","copyright":"\u00a9 2009 Mus\u00e9e du Louvre, Dist. GrandPalaisRmn \/ Daniel Leb\u00e9e\/Carine Deambrosis","type":"","position":4},{"urlImage":"https:\/\/collections.louvre.fr\/media\/cache\/original\/0000000021\/0000278811\/0000455199_OG.JPG","urlThumbnail":"https:\/\/collections.louvre.fr\/media\/cache\/small\/0000000021\/0000278811\/0000455199_OG.JPG","copyright":"\u00a9 2009 Mus\u00e9e du Louvre \/ D\u00e9partement des Antiquit\u00e9s grecques, \u00e9trusques et romaines","type":"","position":5},{"urlImage":"https:\/\/collections.louvre.fr\/media\/cache\/original\/0000000021\/0000278811\/0000455200_OG.JPG","urlThumbnail":"https:\/\/collections.louvre.fr\/media\/cache\/small\/0000000021\/0000278811\/0000455200_OG.JPG","copyright":"\u00a9 2009 Mus\u00e9e du Louvre \/ D\u00e9partement des Antiquit\u00e9s grecques, \u00e9trusques et romaines","type":"","position":6}]}

Dénomination

statue (fragment, tête)

Epoque / période : époque moderne (?); époque contemporaine (?)

non exposé

Numéro catalogue

Département des Antiquités grecques, étrusques et romaines

œuvre moderne ; homme (?, portrait)

Etat de l'oeuvre : incomplet-moins bas de l'encolure-éclats
Restauration : refait(en plâtre,lacunes)

Matériau : marbre
Technique : ronde-bosse (sculpture)

Musée du Louvre, Département des Antiquités grecques, étrusques et romaines

tête

œuvre moderne

époque moderne

époque contemporaine

© 2009 Musée du Louvre / Département des Antiquités grecques, étrusques et romaines

© 2009 Musée du Louvre, Dist. GrandPalaisRmn / Daniel Lebée/Carine Deambrosis
