{"arkId":"cl010010007","url":"https:\/\/collections.louvre.fr\/ark:\/53355\/cl010010007","modified ":"2025-08-25","title":"figurine","titleComplement":"","denominationTitle":[{"type":"D\u00e9nomination","value":"figurine"}],"displayDateCreated":"Date de cr\u00e9ation\/fabrication : Basse \u00c9poque (attribution d\u0027apr\u00e8s style) (-664 - -332)","currentLocation":"non expos\u00e9","room":"","isMuseesNationauxRecuperation":false,"dateCreated":[{"startYear":-664,"endYear":-332,"imprecision":"","text":"Basse \u00c9poque","type":"Date de cr\u00e9ation\/fabrication","doubt":""}],"creator":[],"objectNumber":[{"value":"E 4646","type":"Num\u00e9ro principal"}],"collection":"D\u00e9partement des Antiquit\u00e9s \u00e9gyptiennes","printsDrawingsEntity":"","printsDrawingsCollection":"","objectType":"","originalObject":"","printState":"","description":"Harpocrate (dieu enfant, assis, nu, doigt \u00e0 la bouche, m\u00e8che de l\u0027enfance, couronne hemhem) ; couronne manquante","inscriptions":"","namesAndTitles":"","onomastics":"","dimension":[{"type":"Hauteur","value":"14,8","displayDimension":"14,8 cm","unit":"cm","anteriorPrecision":"","posteriorPrecision":"","tri":1,"note":""}],"shape":"","materialsAndTechniques":"Mat\u00e9riau : alliage cuivreux","placeOfCreation":"","dateOfDiscovery":"","placeOfDiscovery":"","provenance":"","historicalContext":[],"objectHistory":"","jabachInventory":"","napoleonInventory":"","previousOwner":[{"value":"Delaporte, Pacifique Henri","note":"","role":", Vendeur ; Collectionneur"}],"acquisitionDetails":[{"mode":"achat","doubt":"","dates":[{"type":"date de l\u0027inscription sur l\u0027inventaire","value":"21\/11\/1864","startYear":1864,"endYear":1864}]}],"ownedBy":"Etat","heldBy":"Mus\u00e9e du Louvre, D\u00e9partement des Antiquit\u00e9s \u00e9gyptiennes","longTermLoanTo":"","index":{"Mode d\u0027acquisition":[{"value":"achat"}],"Name":[{"value":"figurine"}],"Materials":[{"value":"alliage cuivreux"}],"Description\/Features":[{"value":"dieu enfant"},{"value":"doigt \u00e0 la bouche"},{"value":"assis"},{"value":"couronne hemhem"},{"value":"m\u00e8che de l\u0027enfance"},{"value":"Harpocrate"},{"value":"nu"},{"value":"couronne manquante"}],"Period":[{"value":"Basse \u00c9poque"}]},"bibliography":[],"exhibition":[],"relatedWork":[],"image":[{"urlImage":"https:\/\/collections.louvre.fr\/media\/cache\/large\/0000000021\/0000010007\/0001207438_OG.JPG","urlThumbnail":"https:\/\/collections.louvre.fr\/media\/cache\/small\/0000000021\/0000010007\/0001207438_OG.JPG","copyright":"\u00a9 2023 Mus\u00e9e du Louvre \/ D\u00e9partement des Antiquit\u00e9s \u00e9gyptiennes","type":"trois quarts droit","position":0},{"urlImage":"https:\/\/collections.louvre.fr\/media\/cache\/large\/0000000021\/0000010007\/0001207280_OG.JPG","urlThumbnail":"https:\/\/collections.louvre.fr\/media\/cache\/small\/0000000021\/0000010007\/0001207280_OG.JPG","copyright":"\u00a9 2023 Mus\u00e9e du Louvre \/ D\u00e9partement des Antiquit\u00e9s \u00e9gyptiennes","type":"face, recto, avers, avant","position":1},{"urlImage":"https:\/\/collections.louvre.fr\/media\/cache\/large\/0000000021\/0000010007\/0001207327_OG.JPG","urlThumbnail":"https:\/\/collections.louvre.fr\/media\/cache\/small\/0000000021\/0000010007\/0001207327_OG.JPG","copyright":"\u00a9 2023 Mus\u00e9e du Louvre \/ D\u00e9partement des Antiquit\u00e9s \u00e9gyptiennes","type":"dos, verso, revers, arri\u00e8re","position":2},{"urlImage":"https:\/\/collections.louvre.fr\/media\/cache\/large\/0000000021\/0000010007\/0001207362_OG.JPG","urlThumbnail":"https:\/\/collections.louvre.fr\/media\/cache\/small\/0000000021\/0000010007\/0001207362_OG.JPG","copyright":"\u00a9 2023 Mus\u00e9e du Louvre \/ D\u00e9partement des Antiquit\u00e9s \u00e9gyptiennes","type":"profil droit","position":3},{"urlImage":"https:\/\/collections.louvre.fr\/media\/cache\/large\/0000000021\/0000010007\/0001207397_OG.JPG","urlThumbnail":"https:\/\/collections.louvre.fr\/media\/cache\/small\/0000000021\/0000010007\/0001207397_OG.JPG","copyright":"\u00a9 2023 Mus\u00e9e du Louvre \/ D\u00e9partement des Antiquit\u00e9s \u00e9gyptiennes","type":"profil gauche","position":4}]}

Dénomination

Date de création/fabrication : Basse Époque (attribution d'après style) (-664 - -332)

non exposé

Basse Époque

Date de création/fabrication

Numéro principal

Département des Antiquités égyptiennes

Harpocrate (dieu enfant, assis, nu, doigt à la bouche, mèche de l'enfance, couronne hemhem) ; couronne manquante

Matériau : alliage cuivreux

Musée du Louvre, Département des Antiquités égyptiennes

doigt à la bouche

mèche de l'enfance

© 2023 Musée du Louvre / Département des Antiquités égyptiennes

dos, verso, revers, arrière
