{"arkId":"cl010111224","url":"https:\/\/collections.louvre.fr\/ark:\/53355\/cl010111224","modified ":"2026-01-14","title":"Fragment de cruche","titleComplement":"","denominationTitle":[{"type":"Titre","value":"Fragment de cruche"}],"displayDateCreated":"Date de cr\u00e9ation\/fabrication : 1385 - 1415","currentLocation":"non expos\u00e9","room":"","isMuseesNationauxRecuperation":false,"dateCreated":[{"startYear":1385,"endYear":1415,"imprecision":"","text":"Fin du XIVe si\u00e8cle - d\u00e9but du XVe si\u00e8cle","type":"Date de cr\u00e9ation\/fabrication","doubt":""}],"creator":[{"label":"Anonyme","attributionLevel":"Attribution actuelle","linkType":"","creatorRole":"","authenticationType":"","doubt":"","attributedBy":"","attributedYear":"","wikidata":"Q4233718"}],"objectNumber":[{"value":"OA 5694 6","type":"Num\u00e9ro principal"}],"collection":"D\u00e9partement des Objets d\u0027art du Moyen Age, de la Renaissance et des temps modernes","printsDrawingsEntity":"","printsDrawingsCollection":"","objectType":"art de la table","originalObject":"","printState":"","description":"Sur une tige brun violac\u00e9, quatre feuilles lanc\u00e9ol\u00e9es quadrill\u00e9es de vert ; filets horizontaux et verticaux. Revers verniss\u00e9.","inscriptions":"Inscription : \r ; Rocca di Brisighella - Argnani\/pl. IX, fig.4 (au revers, inscription en noir)","namesAndTitles":"","onomastics":"","dimension":[{"type":"Epaisseur","value":"0,6","displayDimension":"0,6 cm","unit":"cm","anteriorPrecision":"","posteriorPrecision":"","tri":1,"note":""},{"type":"Largeur","value":"8,5","displayDimension":"8,5 cm","unit":"cm","anteriorPrecision":"","posteriorPrecision":"","tri":1,"note":""},{"type":"Longueur","value":"11,5","displayDimension":"11,5 cm","unit":"cm","anteriorPrecision":"","posteriorPrecision":"","tri":1,"note":""}],"shape":"","materialsAndTechniques":"Mat\u00e9riau : majolique=maiolica\r\nTechnique : techniques c\u00e9ramique","placeOfCreation":"Faenza (Italie-\u003EEmilie-Romagne = Emilie Romagne)","dateOfDiscovery":"","placeOfDiscovery":"","provenance":"","historicalContext":[],"objectHistory":"collection Federico Argnani (1822-1905), Faenza ; achat par Godefroy Brauer ; acquis par le mus\u00e9e du Louvre pour la somme de 2500 francs en 1902 (OA 5652 \u00e0 5694)","jabachInventory":"","napoleonInventory":"","previousOwner":[{"value":"M. Brauer, Godefroy","note":"","role":", Antiquaire \/ Marchand d\u0027art"},{"value":"Argnani, Federico","note":"","role":", Collectionneur"}],"acquisitionDetails":[],"ownedBy":"Etat","heldBy":"Mus\u00e9e du Louvre, D\u00e9partement des Objets d\u0027art du Moyen Age, de la Renaissance et des temps modernes","longTermLoanTo":"","index":{"Places":[{"value":"Faenza"}],"objectType":[{"value":"art de la table"}]},"bibliography":[{"bibliographyRef":"Pentiricci, Massimo ; Frommel Christoph Luitpold (dir.), Bandini, Giovanna, L\u0027antica basilica di San Lorenzo in Damaso. Indagini archeologiche nel Palazzo della Cancelleria (1988-1993). Volume II - I Materiali, De Luca Editori d\u0027Arte, 2009","bibliographyDate":"2009","bibliographyDetail":"p. 299","comparison":false},{"bibliographyRef":"Giacomotti, Jeanne, Catalogue des majoliques des mus\u00e9es nationaux, [Paris, mus\u00e9e du Louvre ; Paris, mus\u00e9e de Cluny ; S\u00e8vres, mus\u00e9e national de c\u00e9ramique ; Limoges, mus\u00e9e Adrien-Dubouch\u00e9], Paris, \u00c9ditions des mus\u00e9es nationaux, 1974","bibliographyDate":"1974","bibliographyDetail":"n\u00b0 10","comparison":false},{"bibliographyRef":"Argnani, Federico, Il Rinascimento delle ceramiche maiolicate in Faenza con appendice di documenti inediti forniti dal Prof. Carlo Malajola e con 40 tavole, Faenza, Giuseppe Montanari, 1898","bibliographyDate":"1898","bibliographyDetail":"p. 177, pl. IX fig. IV","comparison":false}],"exhibition":[],"relatedWork":[],"image":[{"urlImage":"https:\/\/collections.louvre.fr\/media\/cache\/large\/0000000021\/0000111224\/0001195892_OG.JPG","urlThumbnail":"https:\/\/collections.louvre.fr\/media\/cache\/small\/0000000021\/0000111224\/0001195892_OG.JPG","copyright":"\u00a9 2023 Mus\u00e9e du Louvre, Dist. GrandPalaisRmn \/ Julien Vidal","type":"","position":0},{"urlImage":"https:\/\/collections.louvre.fr\/media\/cache\/large\/0000000021\/0000111224\/0001195891_OG.JPG","urlThumbnail":"https:\/\/collections.louvre.fr\/media\/cache\/small\/0000000021\/0000111224\/0001195891_OG.JPG","copyright":"\u00a9 2023 Mus\u00e9e du Louvre, Dist. GrandPalaisRmn \/ Julien Vidal","type":"","position":1},{"urlImage":"https:\/\/collections.louvre.fr\/media\/cache\/original\/0000000021\/0000111224\/0001167634_OG.JPG","urlThumbnail":"https:\/\/collections.louvre.fr\/media\/cache\/small\/0000000021\/0000111224\/0001167634_OG.JPG","copyright":"\u00a9 1968 GrandPalaisRmn (mus\u00e9e du Louvre) \/ Photographe inconnu","type":"","position":2}]}

Date de création/fabrication : 1385 - 1415

non exposé

Fin du XIVe siècle - début du XVe siècle

Date de création/fabrication

Numéro principal

Département des Objets d'art du Moyen Age, de la Renaissance et des temps modernes

Sur une tige brun violacé, quatre feuilles lancéolées quadrillées de vert ; filets horizontaux et verticaux. Revers vernissé.

Matériau : majolique=maiolica
Technique : techniques céramique

collection Federico Argnani (1822-1905), Faenza ; achat par Godefroy Brauer ; acquis par le musée du Louvre pour la somme de 2500 francs en 1902 (OA 5652 à 5694)

Musée du Louvre, Département des Objets d'art du Moyen Age, de la Renaissance et des temps modernes

Giacomotti, Jeanne, Catalogue des majoliques des musées nationaux, [Paris, musée du Louvre ; Paris, musée de Cluny ; Sèvres, musée national de céramique ; Limoges, musée Adrien-Dubouché], Paris, Éditions des musées nationaux, 1974

© 2023 Musée du Louvre, Dist. GrandPalaisRmn / Julien Vidal

© 1968 GrandPalaisRmn (musée du Louvre) / Photographe inconnu
