{"arkId":"cl010127623","url":"https:\/\/collections.louvre.fr\/ark:\/53355\/cl010127623","modified ":"2025-11-06","title":"figurine","titleComplement":"","denominationTitle":[{"type":"D\u00e9nomination","value":"figurine"}],"displayDateCreated":"Date de cr\u00e9ation\/fabrication : M\u00e9dio-\u00e9lamite (-1500 - -1100)","currentLocation":"non expos\u00e9","room":"","isMuseesNationauxRecuperation":false,"dateCreated":[{"startYear":-1500,"endYear":-1100,"imprecision":"","text":"M\u00e9dio-\u00e9lamite","type":"Date de cr\u00e9ation\/fabrication","doubt":""}],"creator":[],"objectNumber":[{"value":"SB 7909","type":"Num\u00e9ro principal"}],"collection":"D\u00e9partement des Antiquit\u00e9s orientales","printsDrawingsEntity":"","printsDrawingsCollection":"","objectType":"","originalObject":"","printState":"","description":"musicien (nu, barbe, jouant : luth)\r\n\r\nEtat de l\u0027oeuvre : incomplet\r\nPr\u00e9cision sur l\u0027objet : Joueur de luth nu, barbu","inscriptions":"","namesAndTitles":"","onomastics":"","dimension":[{"type":"Hauteur","value":"7,2","displayDimension":"7,2 cm","unit":"cm","anteriorPrecision":"","posteriorPrecision":"","tri":1,"note":""},{"type":"Longueur","value":"6","displayDimension":"6 cm","unit":"cm","anteriorPrecision":"","posteriorPrecision":"","tri":2,"note":""}],"shape":"","materialsAndTechniques":"Mat\u00e9riau : terre cuite\r\nTechnique : moul\u00e9","placeOfCreation":"","dateOfDiscovery":"","placeOfDiscovery":"Suse","provenance":"","historicalContext":[],"objectHistory":"","jabachInventory":"","napoleonInventory":"","previousOwner":[{"value":"Mission de Suse","note":" (mission)","role":""}],"acquisitionDetails":[{"mode":"don","doubt":"","dates":[]}],"ownedBy":"Etat","heldBy":"Mus\u00e9e du Louvre, D\u00e9partement des Antiquit\u00e9s orientales","longTermLoanTo":"","index":{"Mode d\u0027acquisition":[{"value":"don"}],"Name":[{"value":"figurine"}],"Materials":[{"value":"terre cuite"}],"technic":[{"value":"moul\u00e9"}],"Description\/Features":[{"value":"barbe"},{"value":"musicien"},{"value":"jouant"},{"value":"nu"},{"value":"luth"}],"Places":[{"value":"Suse"}]},"bibliography":[{"bibliographyRef":"Emerit, Sibylle ; H\u00e9l\u00e8ne Guichard ; Jeammet, Violaine ; Perrot, Sylvain ; Thomas, Ariane ; Vendries, Christophe ; Vincent, Alexandre ; Ziegler, Nele (dir.), Musiques ! Echos de l\u0027Antiquit\u00e9, cat. exp. (exposition itin\u00e9rante Lens au Louvre-Lens 13\/09\/2017-15\/01\/2018, Barcelone CaixaForum 02\/2018-05\/2018, Madrid CaixaForum 06\/2018-09\/2018), Gand, Snoeck : Mus\u00e9e du Louvre-Lens, 2017","bibliographyDate":"2017","bibliographyDetail":"p. 314, ill. p. 316, n\u00b0 327","comparison":false},{"bibliographyRef":"Spycket, Agn\u00e8s, Mission de Susiane. Ville Royale de Suse VI. Les figurines de Suse (MDP 52), Vol. I, Les figurines humaines. IVe-IIe mill\u00e9naires av. J.-C., Paris, Gabalda, (M\u00e9moires de la D\u00e9l\u00e9gation arch\u00e9ologique en Iran, LII), 1992","bibliographyDate":"1992","bibliographyDetail":"p. 200, n\u00b0 1241","comparison":false}],"exhibition":[{"value":"Musiques, Madrid (Externe, Espagne), Caixa Forum Madrid, 06\/06\/2018 - 16\/09\/2018, \u00e9tape d\u0027une exposition itin\u00e9rante "},{"value":"Musiques, Barcelone (Externe, Espagne), Caixa Forum Barcelone, 09\/02\/2018 - 06\/05\/2018, \u00e9tape d\u0027une exposition itin\u00e9rante "},{"value":"Musiques, Louvre-Lens, 13\/09\/2017 - 15\/01\/2018, \u00e9tape d\u0027une exposition itin\u00e9rante "}],"relatedWork":[],"image":[{"urlImage":"https:\/\/collections.louvre.fr\/media\/cache\/large\/0000000021\/0000127623\/0000714121_OG.JPG","urlThumbnail":"https:\/\/collections.louvre.fr\/media\/cache\/small\/0000000021\/0000127623\/0000714121_OG.JPG","copyright":"\u00a9 2017 Mus\u00e9e du Louvre, Dist. GrandPalaisRmn \/ Philippe Fuzeau","type":"face, recto, avers, avant","position":0},{"urlImage":"https:\/\/collections.louvre.fr\/media\/cache\/large\/0000000021\/0000127623\/0000731610_OG.JPG","urlThumbnail":"https:\/\/collections.louvre.fr\/media\/cache\/small\/0000000021\/0000127623\/0000731610_OG.JPG","copyright":"\u00a9 2017 Mus\u00e9e du Louvre, Dist. GrandPalaisRmn \/ Chipault - Soligny","type":"","position":1},{"urlImage":"https:\/\/collections.louvre.fr\/media\/cache\/large\/0000000021\/0000127623\/0000731687_OG.JPG","urlThumbnail":"https:\/\/collections.louvre.fr\/media\/cache\/small\/0000000021\/0000127623\/0000731687_OG.JPG","copyright":"\u00a9 2017 Mus\u00e9e du Louvre, Dist. GrandPalaisRmn \/ Chipault - Soligny","type":"","position":2},{"urlImage":"https:\/\/collections.louvre.fr\/media\/cache\/large\/0000000021\/0000127623\/0000714127_OG.JPG","urlThumbnail":"https:\/\/collections.louvre.fr\/media\/cache\/small\/0000000021\/0000127623\/0000714127_OG.JPG","copyright":"\u00a9 2017 Mus\u00e9e du Louvre, Dist. GrandPalaisRmn \/ Philippe Fuzeau","type":"dos, verso, revers, arri\u00e8re","position":3},{"urlImage":"https:\/\/collections.louvre.fr\/media\/cache\/large\/0000000021\/0000127623\/0000323471_OG.JPG","urlThumbnail":"https:\/\/collections.louvre.fr\/media\/cache\/small\/0000000021\/0000127623\/0000323471_OG.JPG","copyright":"\u00a9 2014 Mus\u00e9e du Louvre \/ D\u00e9partement des Antiquit\u00e9s orientales","type":"","position":4},{"urlImage":"https:\/\/collections.louvre.fr\/media\/cache\/large\/0000000021\/0000127623\/0000323472_OG.JPG","urlThumbnail":"https:\/\/collections.louvre.fr\/media\/cache\/small\/0000000021\/0000127623\/0000323472_OG.JPG","copyright":"\u00a9 2014 Mus\u00e9e du Louvre \/ D\u00e9partement des Antiquit\u00e9s orientales","type":"","position":5}]}

Dénomination

Date de création/fabrication : Médio-élamite (-1500 - -1100)

non exposé

Médio-élamite

Date de création/fabrication

Numéro principal

Département des Antiquités orientales

musicien (nu, barbe, jouant : luth)

Etat de l'oeuvre : incomplet
Précision sur l'objet : Joueur de luth nu, barbu

Matériau : terre cuite
Technique : moulé

Musée du Louvre, Département des Antiquités orientales

moulé

Emerit, Sibylle ; Hélène Guichard ; Jeammet, Violaine ; Perrot, Sylvain ; Thomas, Ariane ; Vendries, Christophe ; Vincent, Alexandre ; Ziegler, Nele (dir.), Musiques ! Echos de l'Antiquité, cat. exp. (exposition itinérante Lens au Louvre-Lens 13/09/2017-15/01/2018, Barcelone CaixaForum 02/2018-05/2018, Madrid CaixaForum 06/2018-09/2018), Gand, Snoeck : Musée du Louvre-Lens, 2017

Spycket, Agnès, Mission de Susiane. Ville Royale de Suse VI. Les figurines de Suse (MDP 52), Vol. I, Les figurines humaines. IVe-IIe millénaires av. J.-C., Paris, Gabalda, (Mémoires de la Délégation archéologique en Iran, LII), 1992

Musiques, Madrid (Externe, Espagne), Caixa Forum Madrid, 06/06/2018 - 16/09/2018, étape d'une exposition itinérante

Musiques, Barcelone (Externe, Espagne), Caixa Forum Barcelone, 09/02/2018 - 06/05/2018, étape d'une exposition itinérante

Musiques, Louvre-Lens, 13/09/2017 - 15/01/2018, étape d'une exposition itinérante

© 2017 Musée du Louvre, Dist. GrandPalaisRmn / Philippe Fuzeau

© 2017 Musée du Louvre, Dist. GrandPalaisRmn / Chipault - Soligny

dos, verso, revers, arrière

© 2014 Musée du Louvre / Département des Antiquités orientales
