{"arkId":"cl010273984","url":"https:\/\/collections.louvre.fr\/ark:\/53355\/cl010273984","modified ":"2026-04-23","title":"guttus","titleComplement":"","denominationTitle":[{"type":"D\u00e9nomination","value":"guttus"}],"displayDateCreated":"Epoque \/ p\u00e9riode : classique ; vernis noir\r\n\r\nDate de cr\u00e9ation\/fabrication : 3e quart IVe s. av. J.-C. (?) (-350 - -325)","currentLocation":"non expos\u00e9","room":"","isMuseesNationauxRecuperation":false,"dateCreated":[{"startYear":-350,"endYear":-325,"imprecision":"","text":"3e quart IVe s. av. J.-C. (?)","type":"Date de cr\u00e9ation\/fabrication","doubt":""}],"creator":[],"objectNumber":[{"value":"ED 821","type":"Num\u00e9ro de collection"},{"value":"N 2210","type":"Autre num\u00e9ro d\u0027inventaire"},{"value":"H 315","type":"Num\u00e9ro catalogue"}],"collection":"D\u00e9partement des Antiquit\u00e9s grecques, \u00e9trusques et romaines","printsDrawingsEntity":"","printsDrawingsCollection":"","objectType":"","originalObject":"","printState":"","description":"D\u00e9cor : sur m\u00e9daillon ; t\u00eate (H\u00e9rakl\u00e8s, imberbe, l\u00e9ont\u00e9) \r\nsur panse ; cannelure\r\n\r\nEtat de l\u0027oeuvre : le vase est entier","inscriptions":"","namesAndTitles":"","onomastics":"","dimension":[{"type":"Hauteur","value":"10","displayDimension":"10 cm","unit":"cm","anteriorPrecision":"","posteriorPrecision":"","tri":1,"note":""},{"type":"Largeur","value":"12","displayDimension":"12 cm","unit":"cm","anteriorPrecision":"","posteriorPrecision":"","tri":3,"note":""},{"type":"Diam\u00e8tre","value":"10,2","displayDimension":"10,2 cm","unit":"cm","anteriorPrecision":"","posteriorPrecision":"","tri":4,"note":""}],"shape":"","materialsAndTechniques":"Mat\u00e9riau : argile (argile chamois)\r\nTechnique : moul\u00e9, grav\u00e9 = gravure, estampage = estamp\u00e9, peinture brillante (peinture)\r\nPr\u00e9cision technique : moul\u00e9 (m\u00e9daillon, en moyen relief) ; grav\u00e9 (cannelures) ; estamp\u00e9 (deux cercles autour du m\u00e9daillon) ; traces de Miltos sur zone r\u00e9serv\u00e9e du pied et sous pied ; vernis noir","placeOfCreation":"Apulie","dateOfDiscovery":"","placeOfDiscovery":"","provenance":"","historicalContext":[],"objectHistory":"","jabachInventory":"","napoleonInventory":"","previousOwner":[{"value":"Durand, Edme, Antoine","note":" (collection)","role":""}],"acquisitionDetails":[{"mode":"achat","doubt":"","dates":[{"type":"date","value":"1825","startYear":1825,"endYear":1825}]}],"ownedBy":"Etat","heldBy":"Mus\u00e9e du Louvre, D\u00e9partement des Antiquit\u00e9s grecques, \u00e9trusques et romaines","longTermLoanTo":"","index":{"Mode d\u0027acquisition":[{"value":"achat"}],"Name":[{"value":"guttus"}],"Materials":[{"value":"argile"}],"technic":[{"value":"estampage = estamp\u00e9"},{"value":"grav\u00e9 = gravure"},{"value":"moul\u00e9"},{"value":"peinture brillante"}],"Description\/Features":[{"value":"l\u00e9ont\u00e9"},{"value":"cannelure"},{"value":"t\u00eate"},{"value":"H\u00e9rakl\u00e8s"},{"value":"imberbe"},{"value":"sur m\u00e9daillon"},{"value":"sur panse"}],"Period":[{"value":"classique"},{"value":"vernis noir"}],"Places":[{"value":"Apulie"}]},"bibliography":[{"bibliographyRef":"Jentel, Marie-Odile, Les gutti et les askoi \u00e0 reliefs \u00e9trusques et apuliens : essai de classification et de typologie, Paris, Soyer, 1976","bibliographyDate":"1976","bibliographyDetail":"p. 141-144, fig. 90-92","comparison":false},{"bibliographyRef":"Union acad\u00e9mique internationale. (dir.), Jentel, Marie-Odile, Corpus Vasorum Antiquorum. France. Fascicule 23, Mus\u00e9e du Louvre. Fascicule 15, [Mus\u00e9e du Louvre, 15], Paris, 1968","bibliographyDate":"1968","bibliographyDetail":"pl. 18.7, pl. 24.5, pl. 30.8","comparison":false}],"exhibition":[],"relatedWork":[],"image":[{"urlImage":"https:\/\/collections.louvre.fr\/media\/cache\/original\/0000000021\/0000273984\/0001118321_OG.JPG","urlThumbnail":"https:\/\/collections.louvre.fr\/media\/cache\/small\/0000000021\/0000273984\/0001118321_OG.JPG","copyright":"\u00a9 2022 Mus\u00e9e du Louvre \/ D\u00e9partement des Antiquit\u00e9s grecques, \u00e9trusques et romaines","type":"","position":0}]}

Dénomination

Epoque / période : classique ; vernis noir

Date de création/fabrication : 3e quart IVe s. av. J.-C. (?) (-350 - -325)

non exposé

Date de création/fabrication

Numéro de collection

Autre numéro d'inventaire

Numéro catalogue

Département des Antiquités grecques, étrusques et romaines

Décor : sur médaillon ; tête (Héraklès, imberbe, léonté) 
sur panse ; cannelure

Etat de l'oeuvre : le vase est entier

Diamètre

Matériau : argile (argile chamois)
Technique : moulé, gravé = gravure, estampage = estampé, peinture brillante (peinture)
Précision technique : moulé (médaillon, en moyen relief) ; gravé (cannelures) ; estampé (deux cercles autour du médaillon) ; traces de Miltos sur zone réservée du pied et sous pied ; vernis noir

Musée du Louvre, Département des Antiquités grecques, étrusques et romaines

estampage = estampé

gravé = gravure

moulé

léonté

tête

Héraklès

sur médaillon

Jentel, Marie-Odile, Les gutti et les askoi à reliefs étrusques et apuliens : essai de classification et de typologie, Paris, Soyer, 1976

Union académique internationale. (dir.), Jentel, Marie-Odile, Corpus Vasorum Antiquorum. France. Fascicule 23, Musée du Louvre. Fascicule 15, [Musée du Louvre, 15], Paris, 1968

© 2022 Musée du Louvre / Département des Antiquités grecques, étrusques et romaines
