{"arkId":"cl010274014","url":"https:\/\/collections.louvre.fr\/ark:\/53355\/cl010274014","modified ":"2026-03-24","title":"\u0153nocho\u00e9","titleComplement":"","denominationTitle":[{"type":"D\u00e9nomination","value":"\u0153nocho\u00e9"}],"displayDateCreated":"Epoque \/ p\u00e9riode : classique ; hell\u00e9nistique ; vernis noir\r\n\r\nDate de cr\u00e9ation\/fabrication : 3e quart IVe s. av. J.-C. ; 2e quart IIIe s. av. J.-C. (-350 - -250)","currentLocation":"non expos\u00e9","room":"","isMuseesNationauxRecuperation":false,"dateCreated":[{"startYear":-350,"endYear":-250,"imprecision":"","text":"3e quart IVe s. av. J.-C. ; 2e quart IIIe s. av. J.-C.","type":"Date de cr\u00e9ation\/fabrication","doubt":""}],"creator":[],"objectNumber":[{"value":"Cp 1634","type":"Num\u00e9ro de collection"},{"value":"H 345","type":"Num\u00e9ro catalogue"}],"collection":"D\u00e9partement des Antiquit\u00e9s grecques, \u00e9trusques et romaines","printsDrawingsEntity":"","printsDrawingsCollection":"","objectType":"","originalObject":"","printState":"","description":"D\u00e9cor : sur anse ; protub\u00e9rance\r\n\u00e0 l\u0027attache de l\u0027anse (en haut, en bas) ; t\u00eate (femme, en relief) \r\nsur \u00e9paule ; masque comique (2, en relief) ; t\u00eate (Sil\u00e8ne, barbe, en relief) \r\nsur panse ; stri\u00e9 (vertical) \r\nsur panse (au milieu) ; ligne (bris\u00e9)\r\n\r\nEtat de l\u0027oeuvre : Le vase est incomplet ; il manque l\u0027embouchure ; repeint.","inscriptions":"","namesAndTitles":"","onomastics":"","dimension":[{"type":"Hauteur","value":"28,5","displayDimension":"28,5 cm","unit":"cm","anteriorPrecision":"","posteriorPrecision":"","tri":1,"note":""},{"type":"Largeur","value":"13,5","displayDimension":"13,5 cm","unit":"cm","anteriorPrecision":"","posteriorPrecision":"","tri":3,"note":""}],"shape":"","materialsAndTechniques":"Mat\u00e9riau : argile\r\nTechnique : peinture brillante (peinture), incis\u00e9 = incision, moul\u00e9, feuille d\u0027\u00e9tain","placeOfCreation":"\u00c9trurie","dateOfDiscovery":"","placeOfDiscovery":"Italie (?)","provenance":"","historicalContext":[],"objectHistory":"","jabachInventory":"","napoleonInventory":"","previousOwner":[{"value":"Marquis Campana, Giampietro","note":"","role":", Collectionneur"}],"acquisitionDetails":[{"mode":"achat","doubt":"","dates":[{"type":"date","value":"1861","startYear":1861,"endYear":1861},{"type":"date d\u0027affectation","value":"1862","startYear":1862,"endYear":1862}]}],"ownedBy":"Etat","heldBy":"Mus\u00e9e du Louvre, D\u00e9partement des Antiquit\u00e9s grecques, \u00e9trusques et romaines","longTermLoanTo":"","index":{"Mode d\u0027acquisition":[{"value":"achat"}],"Name":[{"value":"\u0153nocho\u00e9"}],"Materials":[{"value":"argile"}],"technic":[{"value":"feuille d\u0027\u00e9tain"},{"value":"incis\u00e9 = incision"},{"value":"moul\u00e9"},{"value":"peinture brillante"}],"Description\/Features":[{"value":"ligne"},{"value":"masque comique"},{"value":"protub\u00e9rance"},{"value":"barbe"},{"value":"t\u00eate"},{"value":"femme"},{"value":"Sil\u00e8ne"},{"value":"\u00e0 l\u0027attache de l\u0027anse"},{"value":"au centre = au milieu"},{"value":"en bas"},{"value":"en haut"},{"value":"sur anse"},{"value":"sur \u00e9paule"},{"value":"sur panse"},{"value":"2"},{"value":"bris\u00e9"},{"value":"en relief"},{"value":"stri\u00e9"},{"value":"vertical"}],"Period":[{"value":"classique"},{"value":"hell\u00e9nistique"},{"value":"vernis noir"}],"Places":[{"value":"\u00c9trurie"},{"value":"Italie"}]},"bibliography":[{"bibliographyRef":"Morel, Jean-Paul, C\u00e9ramique campanienne : les formes, Paris, de Boccard, (B.E.F.A.R.), 1981","bibliographyDate":"1981","bibliographyDetail":"p. 373, F5612","comparison":true}],"exhibition":[],"relatedWork":[],"image":[{"urlImage":"https:\/\/collections.louvre.fr\/media\/cache\/original\/0000000021\/0000274014\/0000441322_OG.JPG","urlThumbnail":"https:\/\/collections.louvre.fr\/media\/cache\/small\/0000000021\/0000274014\/0000441322_OG.JPG","copyright":"\u00a9 Mus\u00e9e du Louvre \/ D\u00e9partement des Antiquit\u00e9s grecques, \u00e9trusques et romaines","type":"","position":0}]}

œnochoé

Dénomination

Epoque / période : classique ; hellénistique ; vernis noir

Date de création/fabrication : 3e quart IVe s. av. J.-C. ; 2e quart IIIe s. av. J.-C. (-350 - -250)

non exposé

Date de création/fabrication

Numéro de collection

Numéro catalogue

Département des Antiquités grecques, étrusques et romaines

Décor : sur anse ; protubérance
à l'attache de l'anse (en haut, en bas) ; tête (femme, en relief) 
sur épaule ; masque comique (2, en relief) ; tête (Silène, barbe, en relief) 
sur panse ; strié (vertical) 
sur panse (au milieu) ; ligne (brisé)

Etat de l'oeuvre : Le vase est incomplet ; il manque l'embouchure ; repeint.

Matériau : argile
Technique : peinture brillante (peinture), incisé = incision, moulé, feuille d'étain

Étrurie

Musée du Louvre, Département des Antiquités grecques, étrusques et romaines

feuille d'étain

incisé = incision

moulé

protubérance

tête

Silène

à l'attache de l'anse

sur épaule

brisé

strié

hellénistique

Morel, Jean-Paul, Céramique campanienne : les formes, Paris, de Boccard, (B.E.F.A.R.), 1981

© Musée du Louvre / Département des Antiquités grecques, étrusques et romaines
