{"arkId":"cl010276361","url":"https:\/\/collections.louvre.fr\/ark:\/53355\/cl010276361","modified ":"2026-04-15","title":"statuette","titleComplement":"","denominationTitle":[{"type":"D\u00e9nomination","value":"statuette (fragment, t\u00eate)"}],"displayDateCreated":"Epoque \/ p\u00e9riode : romain imp\u00e9rial","currentLocation":"non expos\u00e9","room":"","isMuseesNationauxRecuperation":false,"dateCreated":[],"creator":[],"objectNumber":[{"value":"MNC 642","type":"Num\u00e9ro d\u0027entr\u00e9e"},{"value":"Ma 2521","type":"Num\u00e9ro catalogue"}],"collection":"D\u00e9partement des Antiquit\u00e9s grecques, \u00e9trusques et romaines","printsDrawingsEntity":"","printsDrawingsCollection":"","objectType":"","originalObject":"","printState":"","description":"Art\u00e9mis (?, cheveux, ondul\u00e9, chignon, haut)\r\n\r\nEtat de l\u0027oeuvre : il reste la t\u00eate et l\u0027arri\u00e8re du cou. Des \u00e9clats sont visibles sur le sourcil gauche, et le bout du nez.","inscriptions":"","namesAndTitles":"","onomastics":"","dimension":[{"type":"Hauteur","value":"22","displayDimension":"22 cm","unit":"cm","anteriorPrecision":"","posteriorPrecision":"","tri":1,"note":""},{"type":"Hauteur","value":"12","displayDimension":"12 cm","unit":"cm","anteriorPrecision":"","posteriorPrecision":"","tri":2,"note":""},{"type":"Largeur","value":"9","displayDimension":"9 cm","unit":"cm","anteriorPrecision":"","posteriorPrecision":"","tri":3,"note":""},{"type":"Epaisseur","value":"11","displayDimension":"11 cm","unit":"cm","anteriorPrecision":"","posteriorPrecision":"","tri":4,"note":""}],"shape":"","materialsAndTechniques":"Mat\u00e9riau : marbre\r\nTechnique : ronde-bosse (sculpture)\r\nPr\u00e9cision technique : visage plus poli que la chevelure-\u00e9l\u00e9ments rapport\u00e9s(traces,boucles d\u0027oreille)","placeOfCreation":"","dateOfDiscovery":"","placeOfDiscovery":"","provenance":"","historicalContext":[],"objectHistory":"","jabachInventory":"","napoleonInventory":"","previousOwner":[{"value":"Xacoustis, Constantin","note":"","role":""}],"acquisitionDetails":[{"mode":"achat","doubt":"","dates":[{"type":"date","value":"1884","startYear":1884,"endYear":1884}]}],"ownedBy":"Etat","heldBy":"Mus\u00e9e du Louvre, D\u00e9partement des Antiquit\u00e9s grecques, \u00e9trusques et romaines","longTermLoanTo":"","index":{"Mode d\u0027acquisition":[{"value":"achat"}],"Name":[{"value":"statuette"},{"value":"fragment"},{"value":"t\u00eate"}],"Materials":[{"value":"marbre"}],"technic":[{"value":"ronde-bosse"}],"Description\/Features":[{"value":"cheveux"},{"value":"chignon"},{"value":"Art\u00e9mis"},{"value":"haut"},{"value":"ondul\u00e9"}],"Period":[{"value":"romain imp\u00e9rial"}]},"bibliography":[{"bibliographyRef":"Lambraki-Plaka, Marina ; Laugier,\u00a0Ludovic ; Fabre, C\u00f4me (dir.), A la recherche de l\u0027immortalit\u00e9 : l\u0027art du portrait dans les collections du Louvre, cat. exp. (Ath\u00e8nes, Pinacoth\u00e8que Nationale, Mus\u00e9e Alexandros Soutzos, 29\/11\/2021 - 28\/03\/2022), Ath\u00e8nes, 2021","bibliographyDate":"2021","bibliographyDetail":"p. 18, 90, ill. p. 91, n\u00b0 20","comparison":false},{"bibliographyRef":"Coiffures antiques du Louvre, cat. exp. (Paris, La Galerie Esplanade de la D\u00e9fense Parvis du CNIT, 21 mai - 13 juin 1982), Paris, Mondial coiffure beaut\u00e9, 1982","bibliographyDate":"1982","bibliographyDetail":"p. 25, n\u00b0 50","comparison":false}],"exhibition":[],"relatedWork":[],"image":[{"urlImage":"https:\/\/collections.louvre.fr\/media\/cache\/large\/0000000021\/0000276361\/0000627087_OG.JPG","urlThumbnail":"https:\/\/collections.louvre.fr\/media\/cache\/small\/0000000021\/0000276361\/0000627087_OG.JPG","copyright":"\u00a9 2011 Mus\u00e9e du Louvre, Dist. GrandPalaisRmn \/ Thierry Ollivier","type":"dos, verso, revers, arri\u00e8re","position":0},{"urlImage":"https:\/\/collections.louvre.fr\/media\/cache\/large\/0000000021\/0000276361\/0000627083_OG.JPG","urlThumbnail":"https:\/\/collections.louvre.fr\/media\/cache\/small\/0000000021\/0000276361\/0000627083_OG.JPG","copyright":"\u00a9 2011 Mus\u00e9e du Louvre, Dist. GrandPalaisRmn \/ Thierry Ollivier","type":"","position":1},{"urlImage":"https:\/\/collections.louvre.fr\/media\/cache\/large\/0000000021\/0000276361\/0000627084_OG.JPG","urlThumbnail":"https:\/\/collections.louvre.fr\/media\/cache\/small\/0000000021\/0000276361\/0000627084_OG.JPG","copyright":"\u00a9 2011 Mus\u00e9e du Louvre, Dist. GrandPalaisRmn \/ Thierry Ollivier","type":"profil droit","position":2},{"urlImage":"https:\/\/collections.louvre.fr\/media\/cache\/large\/0000000021\/0000276361\/0000627085_OG.JPG","urlThumbnail":"https:\/\/collections.louvre.fr\/media\/cache\/small\/0000000021\/0000276361\/0000627085_OG.JPG","copyright":"\u00a9 2011 Mus\u00e9e du Louvre, Dist. GrandPalaisRmn \/ Thierry Ollivier","type":"profil gauche","position":3},{"urlImage":"https:\/\/collections.louvre.fr\/media\/cache\/large\/0000000021\/0000276361\/0000627086_OG.JPG","urlThumbnail":"https:\/\/collections.louvre.fr\/media\/cache\/small\/0000000021\/0000276361\/0000627086_OG.JPG","copyright":"\u00a9 2011 Mus\u00e9e du Louvre, Dist. GrandPalaisRmn \/ Thierry Ollivier","type":"trois quarts","position":4}]}

Dénomination

statuette (fragment, tête)

Epoque / période : romain impérial

non exposé

Numéro d'entrée

Numéro catalogue

Département des Antiquités grecques, étrusques et romaines

Artémis (?, cheveux, ondulé, chignon, haut)

Etat de l'oeuvre : il reste la tête et l'arrière du cou. Des éclats sont visibles sur le sourcil gauche, et le bout du nez.

Matériau : marbre
Technique : ronde-bosse (sculpture)
Précision technique : visage plus poli que la chevelure-éléments rapportés(traces,boucles d'oreille)

Musée du Louvre, Département des Antiquités grecques, étrusques et romaines

tête

Artémis

ondulé

romain impérial

Lambraki-Plaka, Marina ; Laugier, Ludovic ; Fabre, Côme (dir.), A la recherche de l'immortalité : l'art du portrait dans les collections du Louvre, cat. exp. (Athènes, Pinacothèque Nationale, Musée Alexandros Soutzos, 29/11/2021 - 28/03/2022), Athènes, 2021

Coiffures antiques du Louvre, cat. exp. (Paris, La Galerie Esplanade de la Défense Parvis du CNIT, 21 mai - 13 juin 1982), Paris, Mondial coiffure beauté, 1982

© 2011 Musée du Louvre, Dist. GrandPalaisRmn / Thierry Ollivier

dos, verso, revers, arrière
