{"arkId":"cl010278952","url":"https:\/\/collections.louvre.fr\/ark:\/53355\/cl010278952","modified ":"2026-03-24","title":"statue","titleComplement":"","denominationTitle":[{"type":"D\u00e9nomination","value":"statue (fragment, t\u00eate)"}],"displayDateCreated":"Epoque \/ p\u00e9riode : romain imp\u00e9rial\r\n\r\nDate de cr\u00e9ation\/fabrication : 2e moiti\u00e9 IIe s. ap. J.-C. (?) ; IIIe s. ap. J.-C. (?) (150 - 300)","currentLocation":"non expos\u00e9","room":"","isMuseesNationauxRecuperation":false,"dateCreated":[{"startYear":150,"endYear":300,"imprecision":"","text":"2e moiti\u00e9 IIe s. ap. J.-C. (?) ; IIIe s. ap. J.-C. (?)","type":"Date de cr\u00e9ation\/fabrication","doubt":""}],"creator":[],"objectNumber":[{"value":"Ma 618","type":"Num\u00e9ro catalogue"}],"collection":"D\u00e9partement des Antiquit\u00e9s grecques, \u00e9trusques et romaines","printsDrawingsEntity":"","printsDrawingsCollection":"","objectType":"","originalObject":"","printState":"","description":"\u00c9ros (?, m\u00e8che, long, torsad\u00e9, natte, frontal)\r\n\r\nEtat de l\u0027oeuvre : moins nez-rest\u00e9s de concr\u00e9tions \u00e0 l\u0027arri\u00e8re","inscriptions":"","namesAndTitles":"","onomastics":"","dimension":[{"type":"Hauteur","value":"22,5","displayDimension":"22,5 cm","unit":"cm","anteriorPrecision":"","posteriorPrecision":"","tri":1,"note":""},{"type":"Largeur","value":"15","displayDimension":"15 cm","unit":"cm","anteriorPrecision":"","posteriorPrecision":"","tri":3,"note":""},{"type":"Profondeur","value":"18,5","displayDimension":"18,5 cm","unit":"cm","anteriorPrecision":"","posteriorPrecision":"","tri":6,"note":""},{"type":"Hauteur avec accessoire","value":"36","displayDimension":"36 cm","unit":"cm","anteriorPrecision":"","posteriorPrecision":"","tri":13,"note":""}],"shape":"","materialsAndTechniques":"Mat\u00e9riau : marbre\r\nTechnique : ronde-bosse (sculpture), tr\u00e9pan (sculpture) (m\u00e8ches)\r\nPr\u00e9cision technique : iris et pupilles incis\u00e9s","placeOfCreation":"","dateOfDiscovery":"","placeOfDiscovery":"","provenance":"","historicalContext":[],"objectHistory":"","jabachInventory":"","napoleonInventory":"","previousOwner":[],"acquisitionDetails":[{"mode":"ancien fonds","doubt":"","dates":[]}],"ownedBy":"Etat","heldBy":"Mus\u00e9e du Louvre, D\u00e9partement des Antiquit\u00e9s grecques, \u00e9trusques et romaines","longTermLoanTo":"","index":{"Mode d\u0027acquisition":[{"value":"ancien fonds"}],"Name":[{"value":"statue"},{"value":"fragment"},{"value":"t\u00eate"}],"Materials":[{"value":"marbre"}],"technic":[{"value":"ronde-bosse"},{"value":"tr\u00e9pan"}],"Description\/Features":[{"value":"m\u00e8che"},{"value":"natte"},{"value":"Amour = \u00c9ros"},{"value":"frontal"},{"value":"long"},{"value":"torsad\u00e9"}],"Period":[{"value":"romain imp\u00e9rial"}]},"bibliography":[],"exhibition":[],"relatedWork":[],"image":[{"urlImage":"https:\/\/collections.louvre.fr\/media\/cache\/large\/0000000021\/0000278952\/0000817017_OG.JPG","urlThumbnail":"https:\/\/collections.louvre.fr\/media\/cache\/small\/0000000021\/0000278952\/0000817017_OG.JPG","copyright":"\u00a9 1997 Mus\u00e9e du Louvre, Dist. GrandPalaisRmn \/ Patrick Lebaube","type":"profil","position":0},{"urlImage":"https:\/\/collections.louvre.fr\/media\/cache\/large\/0000000021\/0000278952\/0000625873_OG.JPG","urlThumbnail":"https:\/\/collections.louvre.fr\/media\/cache\/small\/0000000021\/0000278952\/0000625873_OG.JPG","copyright":"\u00a9 2011 Mus\u00e9e du Louvre, Dist. GrandPalaisRmn \/ Philippe Fuzeau","type":"","position":1},{"urlImage":"https:\/\/collections.louvre.fr\/media\/cache\/large\/0000000021\/0000278952\/0000625874_OG.JPG","urlThumbnail":"https:\/\/collections.louvre.fr\/media\/cache\/small\/0000000021\/0000278952\/0000625874_OG.JPG","copyright":"\u00a9 2011 Mus\u00e9e du Louvre, Dist. GrandPalaisRmn \/ Philippe Fuzeau","type":"profil gauche","position":2},{"urlImage":"https:\/\/collections.louvre.fr\/media\/cache\/large\/0000000021\/0000278952\/0000625875_OG.JPG","urlThumbnail":"https:\/\/collections.louvre.fr\/media\/cache\/small\/0000000021\/0000278952\/0000625875_OG.JPG","copyright":"\u00a9 2011 Mus\u00e9e du Louvre, Dist. GrandPalaisRmn \/ Philippe Fuzeau","type":"profil droit","position":3},{"urlImage":"https:\/\/collections.louvre.fr\/media\/cache\/large\/0000000021\/0000278952\/0000625876_OG.JPG","urlThumbnail":"https:\/\/collections.louvre.fr\/media\/cache\/small\/0000000021\/0000278952\/0000625876_OG.JPG","copyright":"\u00a9 2011 Mus\u00e9e du Louvre, Dist. GrandPalaisRmn \/ Philippe Fuzeau","type":"dos, verso, revers, arri\u00e8re","position":4},{"urlImage":"https:\/\/collections.louvre.fr\/media\/cache\/large\/0000000021\/0000278952\/0000817016_OG.JPG","urlThumbnail":"https:\/\/collections.louvre.fr\/media\/cache\/small\/0000000021\/0000278952\/0000817016_OG.JPG","copyright":"\u00a9 1997 Mus\u00e9e du Louvre, Dist. GrandPalaisRmn \/ Patrick Lebaube","type":"face, recto, avers, avant","position":5}]}

Dénomination

statue (fragment, tête)

Epoque / période : romain impérial

Date de création/fabrication : 2e moitié IIe s. ap. J.-C. (?) ; IIIe s. ap. J.-C. (?) (150 - 300)

non exposé

2e moitié IIe s. ap. J.-C. (?) ; IIIe s. ap. J.-C. (?)

Date de création/fabrication

Numéro catalogue

Département des Antiquités grecques, étrusques et romaines

Éros (?, mèche, long, torsadé, natte, frontal)

Etat de l'oeuvre : moins nez-restés de concrétions à l'arrière

Matériau : marbre
Technique : ronde-bosse (sculpture), trépan (sculpture) (mèches)
Précision technique : iris et pupilles incisés

Musée du Louvre, Département des Antiquités grecques, étrusques et romaines

tête

trépan

mèche

Amour = Éros

torsadé

romain impérial

© 1997 Musée du Louvre, Dist. GrandPalaisRmn / Patrick Lebaube

© 2011 Musée du Louvre, Dist. GrandPalaisRmn / Philippe Fuzeau

dos, verso, revers, arrière
