{"arkId":"cl010309254","url":"https:\/\/collections.louvre.fr\/ark:\/53355\/cl010309254","modified ":"2026-01-30","title":"statuette","titleComplement":"","denominationTitle":[{"type":"D\u00e9nomination","value":"statuette"}],"displayDateCreated":"Epoque \/ p\u00e9riode : \u00e9poque moderne (?) ; \u00e9poque contemporaine (?)","currentLocation":"non expos\u00e9","room":"","isMuseesNationauxRecuperation":false,"dateCreated":[],"creator":[],"objectNumber":[{"value":"Br 6515","type":"Num\u00e9ro catalogue"}],"collection":"D\u00e9partement des Antiquit\u00e9s grecques, \u00e9trusques et romaines","printsDrawingsEntity":"","printsDrawingsCollection":"","objectType":"","originalObject":"","printState":"","description":"figure masculine nue chevauchant un oiseau : cheveux courts formant une couronne ; base festonn\u00e9e\r\n\r\nEtat de l\u0027oeuvre : incomplet : il manque la t\u00eate de l\u2019oiseau.","inscriptions":"","namesAndTitles":"","onomastics":"","dimension":[{"type":"Hauteur","value":"8,65","displayDimension":"8,65 cm","unit":"cm","anteriorPrecision":"","posteriorPrecision":"","tri":1,"note":""},{"type":"Largeur","value":"5,5","displayDimension":"5,5 cm","unit":"cm","anteriorPrecision":"","posteriorPrecision":"","tri":3,"note":""},{"type":"Profondeur","value":"3,4","displayDimension":"3,4 cm","unit":"cm","anteriorPrecision":"","posteriorPrecision":"","tri":6,"note":""}],"shape":"","materialsAndTechniques":"Mat\u00e9riau : bronze\r\nTechnique : fonte pleine (coul\u00e9 = fondu = fonte)","placeOfCreation":"","dateOfDiscovery":"","placeOfDiscovery":"Inconnu","provenance":"","historicalContext":[],"objectHistory":"","jabachInventory":"","napoleonInventory":"","previousOwner":[{"value":"Inconnu","note":"","role":""}],"acquisitionDetails":[{"mode":"ancien fonds","doubt":"","dates":[]}],"ownedBy":"Etat","heldBy":"Mus\u00e9e du Louvre, D\u00e9partement des Antiquit\u00e9s grecques, \u00e9trusques et romaines","longTermLoanTo":"","index":{"Mode d\u0027acquisition":[{"value":"ancien fonds"}],"Name":[{"value":"statuette"}],"Materials":[{"value":"bronze"}],"technic":[{"value":"fonte pleine"}],"Period":[{"value":"\u00e9poque moderne"},{"value":"\u00e9poque contemporaine"}],"Places":[{"value":"Inconnu"}]},"bibliography":[],"exhibition":[],"relatedWork":[],"image":[{"urlImage":"https:\/\/collections.louvre.fr\/media\/cache\/large\/0000000021\/0000309254\/0001197112_OG.JPG","urlThumbnail":"https:\/\/collections.louvre.fr\/media\/cache\/small\/0000000021\/0000309254\/0001197112_OG.JPG","copyright":"\u00a9 2016 Mus\u00e9e du Louvre \/ D\u00e9partement des Antiquit\u00e9s grecques, \u00e9trusques et romaines","type":"","position":0},{"urlImage":"https:\/\/collections.louvre.fr\/media\/cache\/large\/0000000021\/0000309254\/0001197113_OG.JPG","urlThumbnail":"https:\/\/collections.louvre.fr\/media\/cache\/small\/0000000021\/0000309254\/0001197113_OG.JPG","copyright":"\u00a9 2016 Mus\u00e9e du Louvre \/ D\u00e9partement des Antiquit\u00e9s grecques, \u00e9trusques et romaines","type":"","position":1},{"urlImage":"https:\/\/collections.louvre.fr\/media\/cache\/large\/0000000021\/0000309254\/0001197114_OG.JPG","urlThumbnail":"https:\/\/collections.louvre.fr\/media\/cache\/small\/0000000021\/0000309254\/0001197114_OG.JPG","copyright":"\u00a9 2016 Mus\u00e9e du Louvre \/ D\u00e9partement des Antiquit\u00e9s grecques, \u00e9trusques et romaines","type":"","position":2},{"urlImage":"https:\/\/collections.louvre.fr\/media\/cache\/large\/0000000021\/0000309254\/0001197115_OG.JPG","urlThumbnail":"https:\/\/collections.louvre.fr\/media\/cache\/small\/0000000021\/0000309254\/0001197115_OG.JPG","copyright":"\u00a9 2016 Mus\u00e9e du Louvre \/ D\u00e9partement des Antiquit\u00e9s grecques, \u00e9trusques et romaines","type":"","position":3},{"urlImage":"https:\/\/collections.louvre.fr\/media\/cache\/large\/0000000021\/0000309254\/0001197116_OG.JPG","urlThumbnail":"https:\/\/collections.louvre.fr\/media\/cache\/small\/0000000021\/0000309254\/0001197116_OG.JPG","copyright":"\u00a9 2016 Mus\u00e9e du Louvre \/ D\u00e9partement des Antiquit\u00e9s grecques, \u00e9trusques et romaines","type":"","position":4}]}

Dénomination

Epoque / période : époque moderne (?) ; époque contemporaine (?)

non exposé

Numéro catalogue

Département des Antiquités grecques, étrusques et romaines

figure masculine nue chevauchant un oiseau : cheveux courts formant une couronne ; base festonnée

Etat de l'oeuvre : incomplet : il manque la tête de l’oiseau.

Matériau : bronze
Technique : fonte pleine (coulé = fondu = fonte)

Musée du Louvre, Département des Antiquités grecques, étrusques et romaines

époque moderne

époque contemporaine

© 2016 Musée du Louvre / Département des Antiquités grecques, étrusques et romaines
