{"arkId":"cl010539822","url":"https:\/\/collections.louvre.fr\/ark:\/53355\/cl010539822","modified ":"2026-04-23","title":"Commode","titleComplement":"","denominationTitle":[{"type":"Titre","value":"Commode"}],"displayDateCreated":"Epoque \/ p\u00e9riode : Louis XV (1715-1774) (Occident-\u003E\u00e9poque moderne = Ancien R\u00e9gime-\u003Edynastie des Bourbons)\r\n\r\nDate de cr\u00e9ation\/fabrication : vers - 1760","currentLocation":"Sully, [OArt] Salle 617 - De Louis XIV \u00e0 Louis XVI","room":"Salle 617, Aile Aile Sully, Niveau 1","isMuseesNationauxRecuperation":false,"dateCreated":[{"startYear":"","endYear":1760,"imprecision":"vers","text":"Milieu du XVIIIe si\u00e8cle","type":"Date de cr\u00e9ation\/fabrication","doubt":""}],"creator":[{"label":"Van Risen Burgh, Bernard II","attributionLevel":"Attribution actuelle","linkType":"","dates":[{"date":"1765","place":"","type":"date de mort"},{"date":"apr\u00e8s 1696","place":"Paris","type":"date de naissance"}],"creatorRole":"Eb\u00e9niste","authenticationType":"marque (estampilles, poin\u00e7ons...)","doubt":"","attributedBy":"","attributedYear":"","wikidata":"Q13415101"},{"label":"Manufacture de S\u00e8vres","attributionLevel":"Attribution actuelle","linkType":"","creatorRole":"Peintre sur c\u00e9ramique","authenticationType":"","doubt":"","attributedBy":"","attributedYear":"","wikidata":"Q653307"}],"objectNumber":[{"value":"RFML.OA.2026.4.1","type":"Num\u00e9ro principal"}],"collection":"D\u00e9partement des Objets d\u0027art du Moyen Age, de la Renaissance et des temps modernes","printsDrawingsEntity":"","printsDrawingsCollection":"","objectType":"commode","originalObject":"","printState":"","description":"Commode \u00e0 deux vantaux ouvrant en zig-zag avec placage de bois d\u0027if et de bois de rose, d\u00e9cor\u00e9e sur trois de ces faces de 90 plaques de porcelaine -la plupart marqu\u00e9 par la lettre-date F (1758)- maintenus par un maillage en bronze cisel\u00e9 et dor\u00e9, Au dessus, un marbre grillotte.","inscriptions":"Estampille : \r ; BVRB","namesAndTitles":"","onomastics":"","dimension":[{"type":"Hauteur","value":"84,5","displayDimension":"84,5 cm","unit":"cm","anteriorPrecision":"","posteriorPrecision":"","tri":1,"note":""},{"type":"Largeur","value":"137,5","displayDimension":"137,5 cm","unit":"cm","anteriorPrecision":"","posteriorPrecision":"","tri":2,"note":""},{"type":"Profondeur","value":"50,5","displayDimension":"50,5 cm","unit":"cm","anteriorPrecision":"","posteriorPrecision":"","tri":3,"note":""}],"shape":"","materialsAndTechniques":"","placeOfCreation":"Paris (France-\u003EIle-de-France = Ile de France)","dateOfDiscovery":"","placeOfDiscovery":"","provenance":"","historicalContext":[],"objectHistory":"Sans doute cr\u00e9\u00e9e \u00e0 l\u0027initiative du marchand mercier Simon-Philippe Poirier (1720-1785), propri\u00e9taire de \u00c0 la Couronne d\u0027Or, rue Saint-Honor\u00e9, l\u0027un des plus importants magasins de luxe de la capitale. Ils est destinataire durant le 1er trimestre 1760 des plaques de porcelaine ; collection Elisabeth-Alexandrine de Bourbon-Cond\u00e9 (1705-1765), dite Mademoiselle de Sens; collection Louis-Joseph de Bourbon (1736-1818), prince de Cond\u00e9 (d\u00e9crite en 1779 dans l\u0027inventaire du Palais-Bourbon); collection Edouard de Rothschild (1868-1949); ses descendants; \u0153uvre class\u00e9e \u0027tr\u00e9sor national\u0027 le 31 mai 2023; achat, 2026.","jabachInventory":"","napoleonInventory":"","previousOwner":[{"value":"Rothschild, Edouard de","note":"","role":", Collectionneur"},{"value":"Bourbon, Louis-Joseph de, prince de Cond\u00e9","note":"","role":", Collectionneur"},{"value":"Bourbon, \u00c9lisabeth-Alexandrine","note":"","role":", Collectionneur"}],"acquisitionDetails":[{"mode":"achat","doubt":"","dates":[{"type":"date de comit\u00e9\/commission","value":"02\/07\/2025","startYear":2025,"endYear":2025},{"type":"date du conseil","value":"09\/07\/2025","startYear":2025,"endYear":2025},{"type":"date de l\u0027arr\u00eat\u00e9","value":"18\/03\/2026","startYear":2026,"endYear":2026}]}],"ownedBy":"Etat","heldBy":"Mus\u00e9e du Louvre, D\u00e9partement des Objets d\u0027art du Moyen Age, de la Renaissance et des temps modernes","longTermLoanTo":"","index":{"Mode d\u0027acquisition":[{"value":"achat"}],"Period":[{"value":"Louis XV (1715-1774)"}],"Places":[{"value":"Paris"}],"objectType":[{"value":"commode"}]},"bibliography":[{"bibliographyRef":"18e. Aux sources du design. Chefs-d\u0027oeuvre du mobilier 1650-1790, cat. exp. (Versailles (France), Ch\u00e2teau - Domaine national de Versailles, 26 octobre 2014 - 22 f\u00e9vrier 2015), Dijon, Ch\u00e2teau de Versailles - \u00e9ditions Faton, 2014","bibliographyDate":"2014","bibliographyDetail":"cat. 46","comparison":false},{"bibliographyRef":"Louis XV, un moment de perfection dans l\u0027art fran\u00e7ais, cat. exp. (Paris, H\u00f4tel de la Monnaie, 1974), Paris, 1974","bibliographyDate":"1974","bibliographyDetail":"cat. 431","comparison":false}],"exhibition":[],"relatedWork":[],"image":[{"urlImage":"https:\/\/collections.louvre.fr\/media\/cache\/large\/0000000021\/0000539822\/0001376525_OG.JPG","urlThumbnail":"https:\/\/collections.louvre.fr\/media\/cache\/small\/0000000021\/0000539822\/0001376525_OG.JPG","copyright":"\u00a9 2025 Mus\u00e9e du Louvre, Dist. GrandPalaisRmn \/ Tony Querrec","type":"","position":0},{"urlImage":"https:\/\/collections.louvre.fr\/media\/cache\/large\/0000000021\/0000539822\/0001376522_OG.JPG","urlThumbnail":"https:\/\/collections.louvre.fr\/media\/cache\/small\/0000000021\/0000539822\/0001376522_OG.JPG","copyright":"\u00a9 2025 Mus\u00e9e du Louvre, Dist. GrandPalaisRmn \/ Tony Querrec","type":"","position":1},{"urlImage":"https:\/\/collections.louvre.fr\/media\/cache\/large\/0000000021\/0000539822\/0001376526_OG.JPG","urlThumbnail":"https:\/\/collections.louvre.fr\/media\/cache\/small\/0000000021\/0000539822\/0001376526_OG.JPG","copyright":"\u00a9 2025 Mus\u00e9e du Louvre, Dist. GrandPalaisRmn \/ Tony Querrec","type":"","position":2},{"urlImage":"https:\/\/collections.louvre.fr\/media\/cache\/large\/0000000021\/0000539822\/0001376527_OG.JPG","urlThumbnail":"https:\/\/collections.louvre.fr\/media\/cache\/small\/0000000021\/0000539822\/0001376527_OG.JPG","copyright":"\u00a9 2025 Mus\u00e9e du Louvre, Dist. GrandPalaisRmn \/ Tony Querrec","type":"","position":3},{"urlImage":"https:\/\/collections.louvre.fr\/media\/cache\/large\/0000000021\/0000539822\/0001376528_OG.JPG","urlThumbnail":"https:\/\/collections.louvre.fr\/media\/cache\/small\/0000000021\/0000539822\/0001376528_OG.JPG","copyright":"\u00a9 2025 Mus\u00e9e du Louvre, Dist. GrandPalaisRmn \/ Tony Querrec","type":"","position":4},{"urlImage":"https:\/\/collections.louvre.fr\/media\/cache\/large\/0000000021\/0000539822\/0001376529_OG.JPG","urlThumbnail":"https:\/\/collections.louvre.fr\/media\/cache\/small\/0000000021\/0000539822\/0001376529_OG.JPG","copyright":"\u00a9 2025 Mus\u00e9e du Louvre, Dist. GrandPalaisRmn \/ Tony Querrec","type":"","position":5},{"urlImage":"https:\/\/collections.louvre.fr\/media\/cache\/large\/0000000021\/0000539822\/0001376530_OG.JPG","urlThumbnail":"https:\/\/collections.louvre.fr\/media\/cache\/small\/0000000021\/0000539822\/0001376530_OG.JPG","copyright":"\u00a9 2025 Mus\u00e9e du Louvre, Dist. GrandPalaisRmn \/ Tony Querrec","type":"","position":6},{"urlImage":"https:\/\/collections.louvre.fr\/media\/cache\/large\/0000000021\/0000539822\/0001376531_OG.JPG","urlThumbnail":"https:\/\/collections.louvre.fr\/media\/cache\/small\/0000000021\/0000539822\/0001376531_OG.JPG","copyright":"\u00a9 2025 Mus\u00e9e du Louvre, Dist. GrandPalaisRmn \/ Tony Querrec","type":"","position":7},{"urlImage":"https:\/\/collections.louvre.fr\/media\/cache\/large\/0000000021\/0000539822\/0001376532_OG.JPG","urlThumbnail":"https:\/\/collections.louvre.fr\/media\/cache\/small\/0000000021\/0000539822\/0001376532_OG.JPG","copyright":"\u00a9 2025 Mus\u00e9e du Louvre, Dist. GrandPalaisRmn \/ Tony Querrec","type":"","position":8},{"urlImage":"https:\/\/collections.louvre.fr\/media\/cache\/large\/0000000021\/0000539822\/0001376533_OG.JPG","urlThumbnail":"https:\/\/collections.louvre.fr\/media\/cache\/small\/0000000021\/0000539822\/0001376533_OG.JPG","copyright":"\u00a9 2025 Mus\u00e9e du Louvre, Dist. GrandPalaisRmn \/ Tony Querrec","type":"","position":9},{"urlImage":"https:\/\/collections.louvre.fr\/media\/cache\/large\/0000000021\/0000539822\/0001376534_OG.JPG","urlThumbnail":"https:\/\/collections.louvre.fr\/media\/cache\/small\/0000000021\/0000539822\/0001376534_OG.JPG","copyright":"\u00a9 2025 Mus\u00e9e du Louvre, Dist. GrandPalaisRmn \/ Tony Querrec","type":"","position":10},{"urlImage":"https:\/\/collections.louvre.fr\/media\/cache\/large\/0000000021\/0000539822\/0001376535_OG.JPG","urlThumbnail":"https:\/\/collections.louvre.fr\/media\/cache\/small\/0000000021\/0000539822\/0001376535_OG.JPG","copyright":"\u00a9 2025 Mus\u00e9e du Louvre, Dist. GrandPalaisRmn \/ Tony Querrec","type":"","position":11},{"urlImage":"https:\/\/collections.louvre.fr\/media\/cache\/large\/0000000021\/0000539822\/0001376536_OG.JPG","urlThumbnail":"https:\/\/collections.louvre.fr\/media\/cache\/small\/0000000021\/0000539822\/0001376536_OG.JPG","copyright":"\u00a9 2025 Mus\u00e9e du Louvre, Dist. GrandPalaisRmn \/ Tony Querrec","type":"","position":12},{"urlImage":"https:\/\/collections.louvre.fr\/media\/cache\/large\/0000000021\/0000539822\/0001376537_OG.JPG","urlThumbnail":"https:\/\/collections.louvre.fr\/media\/cache\/small\/0000000021\/0000539822\/0001376537_OG.JPG","copyright":"\u00a9 2025 Mus\u00e9e du Louvre, Dist. GrandPalaisRmn \/ Tony Querrec","type":"","position":13}]}

Epoque / période : Louis XV (1715-1774) (Occident->époque moderne = Ancien Régime->dynastie des Bourbons)

Date de création/fabrication : vers - 1760

Sully, [OArt] Salle 617 - De Louis XIV à Louis XVI

Milieu du XVIIIe siècle

Date de création/fabrication

après 1696

Ebéniste

marque (estampilles, poinçons...)

Manufacture de Sèvres

Peintre sur céramique

Numéro principal

Département des Objets d'art du Moyen Age, de la Renaissance et des temps modernes

Commode à deux vantaux ouvrant en zig-zag avec placage de bois d'if et de bois de rose, décorée sur trois de ces faces de 90 plaques de porcelaine -la plupart marqué par la lettre-date F (1758)- maintenus par un maillage en bronze ciselé et doré, Au dessus, un marbre grillotte.

Sans doute créée à l'initiative du marchand mercier Simon-Philippe Poirier (1720-1785), propriétaire de À la Couronne d'Or, rue Saint-Honoré, l'un des plus importants magasins de luxe de la capitale. Ils est destinataire durant le 1er trimestre 1760 des plaques de porcelaine ; collection Elisabeth-Alexandrine de Bourbon-Condé (1705-1765), dite Mademoiselle de Sens; collection Louis-Joseph de Bourbon (1736-1818), prince de Condé (décrite en 1779 dans l'inventaire du Palais-Bourbon); collection Edouard de Rothschild (1868-1949); ses descendants; œuvre classée 'trésor national' le 31 mai 2023; achat, 2026.

Bourbon, Louis-Joseph de, prince de Condé

Bourbon, Élisabeth-Alexandrine

date de comité/commission

date de l'arrêté

Musée du Louvre, Département des Objets d'art du Moyen Age, de la Renaissance et des temps modernes

18e. Aux sources du design. Chefs-d'oeuvre du mobilier 1650-1790, cat. exp. (Versailles (France), Château - Domaine national de Versailles, 26 octobre 2014 - 22 février 2015), Dijon, Château de Versailles - éditions Faton, 2014

Louis XV, un moment de perfection dans l'art français, cat. exp. (Paris, Hôtel de la Monnaie, 1974), Paris, 1974

© 2025 Musée du Louvre, Dist. GrandPalaisRmn / Tony Querrec
