{"arkId":"cl020213307","url":"https:\/\/collections.louvre.fr\/ark:\/53355\/cl020213307","modified ":"2025-08-20","title":"Apparition de la Vierge \u00e0 l\u0027Enfant dans le ciel","titleComplement":null,"denominationTitle":[{"type":"Titre","value":"Apparition de la Vierge \u00e0 l\u0027Enfant dans le ciel"}],"displayDateCreated":"Vers 1630","currentLocation":"Petit format","room":"","isMuseesNationauxRecuperation":false,"dateCreated":[{"startYear":1630,"endYear":"","text":null,"type":"Date de cr\u00e9ation\/fabrication","doubt":""}],"creator":[{"label":"La Hyre, Laurent de","attributionLevel":"attribution actuelle","linkType":"original","dates":[{"date":"1656","place":"Paris","type":"date 2"},{"date":"1606","place":"Paris","type":"date 1"}],"creatorRole":"","authenticationType":"","doubt":"","attributedBy":"","attributedYear":"","wikidata":"Q59894"}],"objectNumber":[{"value":"INV 27486, Recto","type":"Num\u00e9ro principal"},{"value":"NIII 10197","type":"Former inventory number: "},{"value":"vol.11, p.299","type":"Handwritten inventory reference: "}],"collection":"D\u00e9partement des Arts graphiques","printsDrawingsEntity":"Cabinet des dessins","printsDrawingsCollection":"Fonds des dessins et miniatures","objectType":"","originalObject":"","printState":"","description":"","inscriptions":"","namesAndTitles":"","onomastics":"","dimension":[{"type":"Hauteur","value":"0.172","displayDimension":"0.172 m","unit":"m","anteriorPrecision":"\u00e0 la feuille","posteriorPrecision":"","tri":"","note":""},{"type":"Largeur","value":"0.231","displayDimension":"0.231 m","unit":"m","anteriorPrecision":"\u00e0 la feuille","posteriorPrecision":"","tri":"","note":""}],"shape":"","materialsAndTechniques":"pierre noire;lavis (gris-brun)","placeOfCreation":"","dateOfDiscovery":"","placeOfDiscovery":"","provenance":"","historicalContext":[],"objectHistory":"Inventaire du mus\u00e9e Napol\u00e9on :Inventaire du Mus\u00e9e Napol\u00e9on. Dessins. Vol.7, p.1205, chap. : Ecole fran\u00e7aise, carton 98. (...) Num\u00e9ro : 9644. Nom du ma\u00eetre : Idem \u0026 Laurent de La Hyre \/\u0026. Num\u00e9ro d\u0027ordre dans l\u0027oeuvre du ma\u00eetre : 4. D\u00e9signation des sujets : Sur le m\u00eame carton deux dessins lav\u00e9s sur crayon : un saint religieux en pri\u00e8res ; la Vierge et l\u0027Enfant Jesus. Dimensions : H. 12 x L. 9,5 cm ; H. 17 x L. 23 cm. Origine : Idem \u0026 Collection nouvelle \/\u0026. Emplacement actuel : Idem \u0026 Calcographie du Mus\u00e9e Napol\u00e9on \/\u0026. Signe de recollement : Vu au crayon#Vu au crayon. Cote : 1DD39","jabachInventory":"","napoleonInventory":"Inventaire du Mus\u00e9e Napol\u00e9on. Dessins. Vol.7, p.1205, chap. : Ecole fran\u00e7aise, carton 98. (...) Num\u00e9ro : 9644. Nom du ma\u00eetre : Idem \u0026 Laurent de La Hyre \/\u0026. Num\u00e9ro d\u0027ordre dans l\u0027oeuvre du ma\u00eetre : 4. D\u00e9signation des sujets : Sur le m\u00eame carton deux dessins lav\u00e9s sur crayon : un saint religieux en pri\u00e8res ; la Vierge et l\u0027Enfant Jesus. Dimensions : H. 12 x L. 9,5 cm ; H. 17 x L. 23 cm. Origine : Idem \u0026 Collection nouvelle \/\u0026. Emplacement actuel : Idem \u0026 Calcographie du Mus\u00e9e Napol\u00e9on \/\u0026. Signe de recollement : Vu au crayon#Vu au crayon. Cote : 1DD39","previousOwner":[],"acquisitionDetails":[],"ownedBy":"","heldBy":"","longTermLoanTo":"","index":{"Places":[{"value":"Caen, Mus\u00e9e des Beaux-Arts, oeuvre en rapport"}],"People":[{"value":"J\u00e9sus-Christ"},{"value":"Vierge Marie"}],"Subjects":[{"value":"ICONOGRAPHIE RELIGIEUSE"},{"value":"Apparition de la Vierge \u00e0 l\u0027Enfant"}],"technic":[{"value":"pierre noire"},{"value":"lavis (gris-brun)"}]},"bibliography":[],"exhibition":[],"relatedWork":[],"image":[{"urlImage":"https:\/\/collections.louvre.fr\/media\/cache\/original\/21\/33\/07\/00\/AGO213307-000_PE.jpg","urlThumbnail":"https:\/\/collections.louvre.fr\/media\/cache\/small\/21\/33\/07\/00\/AGO213307-000_PE.jpg","copyright":"GrandPalaisRmn (Mus\u00e9e du Louvre)  \/  Thierry Le Mage","type":"","position":0},{"urlImage":"https:\/\/collections.louvre.fr\/media\/cache\/original\/21\/33\/07\/00\/AGO213307-001_PE.jpg","urlThumbnail":"https:\/\/collections.louvre.fr\/media\/cache\/small\/21\/33\/07\/00\/AGO213307-001_PE.jpg","copyright":" GrandPalaisRmn","type":"Autre","position":1}]}

Apparition de la Vierge à l'Enfant dans le ciel

Date de création/fabrication

Numéro principal

Département des Arts graphiques

à la feuille

Inventaire du musée Napoléon :Inventaire du Musée Napoléon. Dessins. Vol.7, p.1205, chap. : Ecole française, carton 98. (...) Numéro : 9644. Nom du maître : Idem & Laurent de La Hyre /&. Numéro d'ordre dans l'oeuvre du maître : 4. Désignation des sujets : Sur le même carton deux dessins lavés sur crayon : un saint religieux en prières ; la Vierge et l'Enfant Jesus. Dimensions : H. 12 x L. 9,5 cm ; H. 17 x L. 23 cm. Origine : Idem & Collection nouvelle /&. Emplacement actuel : Idem & Calcographie du Musée Napoléon /&. Signe de recollement : Vu au crayon#Vu au crayon. Cote : 1DD39

Inventaire du Musée Napoléon. Dessins. Vol.7, p.1205, chap. : Ecole française, carton 98. (...) Numéro : 9644. Nom du maître : Idem & Laurent de La Hyre /&. Numéro d'ordre dans l'oeuvre du maître : 4. Désignation des sujets : Sur le même carton deux dessins lavés sur crayon : un saint religieux en prières ; la Vierge et l'Enfant Jesus. Dimensions : H. 12 x L. 9,5 cm ; H. 17 x L. 23 cm. Origine : Idem & Collection nouvelle /&. Emplacement actuel : Idem & Calcographie du Musée Napoléon /&. Signe de recollement : Vu au crayon#Vu au crayon. Cote : 1DD39

Caen, Musée des Beaux-Arts, oeuvre en rapport

Jésus-Christ

Apparition de la Vierge à l'Enfant

GrandPalaisRmn (Musée du Louvre)  /  Thierry Le Mage
