{"arkId":"cl020630278","url":"https:\/\/collections.louvre.fr\/ark:\/53355\/cl020630278","modified ":"2026-03-29","title":"Encadrement de porte aux cariatides, d\u00e9cor au chiffre de Napol\u00e9on, pour la salle des mar\u00e9chaux","titleComplement":null,"denominationTitle":[{"type":"Titre","value":"Encadrement de porte aux cariatides, d\u00e9cor au chiffre de Napol\u00e9on, pour la salle des mar\u00e9chaux"}],"displayDateCreated":"","currentLocation":"Petit format","room":"","isMuseesNationauxRecuperation":false,"dateCreated":[],"creator":[{"label":"PERCIER et FONTAINE","attributionLevel":"attribution actuelle","linkType":"original","dates":[{"date":"Vers 1794\/1838","place":"","type":"date 1"},{"date":"vers 1800\/1850","place":"","type":"date 2"}],"creatorRole":"","authenticationType":"","doubt":"","attributedBy":"","attributedYear":"","wikidata":""}],"objectNumber":[{"value":"RFML.AG.2025.73.1, Recto","type":"Num\u00e9ro principal"}],"collection":"D\u00e9partement des Arts graphiques","printsDrawingsEntity":"Cabinet des dessins","printsDrawingsCollection":"Fonds des dessins et miniatures","objectType":"","originalObject":"","printState":"","description":"","inscriptions":"","namesAndTitles":"","onomastics":"","dimension":[{"type":"Hauteur","value":"0.305","displayDimension":"0.305 m","unit":"m","anteriorPrecision":"\u00e0 la feuille","posteriorPrecision":"","tri":"","note":""},{"type":"Largeur","value":"0.4","displayDimension":"0.4 m","unit":"m","anteriorPrecision":"\u00e0 la feuille","posteriorPrecision":"","tri":"","note":""}],"shape":"","materialsAndTechniques":"Plume et encre grise, lavis gris sur traits \u00e0 la pierre noire","placeOfCreation":"","dateOfDiscovery":"","placeOfDiscovery":"","provenance":"","historicalContext":[],"objectHistory":"Descendance de l\u0027architecte Fontaine. Vendu \u00e0 Paris, H\u00f4tel Drouot, Maison de vente Thierry de Maigret, 21 novembre 2025 ; d\u00e9l\u00e9gation des acquisition du 19\/11\/25 - consultation du Conseil Artistique le 20\/11\/25, achat pour le compte de l\u0027Etat, par voie de pr\u00e9emption en vente publique, le 21\/11\/25. Confirmation de la pr\u00e9emption le 27\/11\/25. D\u00e9cision du 2\/12\/25. Affectation au d\u00e9partement des Arts graphiques le 12\/01\/26.","jabachInventory":"","napoleonInventory":"","previousOwner":[],"acquisitionDetails":[{"mode":"achat","doubt":"","dates":[{"startYear":2025,"endYear":null}]}],"ownedBy":"","heldBy":"","longTermLoanTo":"","index":{"Places":[{"value":"Paris, Jardin des Tuileries"},{"value":"Paris, Palais des Tuileries, oeuvre en rapport"},{"value":"Paris, Mus\u00e9e du Louvre, oeuvre en rapport"}],"People":[{"value":"Bonaparte, Napol\u00e9on"}],"Subjects":[{"value":"cariatide"},{"value":"d\u00e9cor d\u0027architecture"},{"value":"porte"}],"technic":[{"value":"encre (grise)"},{"value":"pierre noire"},{"value":"plume"}]},"bibliography":[],"exhibition":[],"relatedWork":[],"image":[]}

Encadrement de porte aux cariatides, décor au chiffre de Napoléon, pour la salle des maréchaux

Numéro principal

Département des Arts graphiques

à la feuille

Plume et encre grise, lavis gris sur traits à la pierre noire

Descendance de l'architecte Fontaine. Vendu à Paris, Hôtel Drouot, Maison de vente Thierry de Maigret, 21 novembre 2025 ; délégation des acquisition du 19/11/25 - consultation du Conseil Artistique le 20/11/25, achat pour le compte de l'Etat, par voie de préemption en vente publique, le 21/11/25. Confirmation de la préemption le 27/11/25. Décision du 2/12/25. Affectation au département des Arts graphiques le 12/01/26.

Paris, Musée du Louvre, oeuvre en rapport

Bonaparte, Napoléon

décor d'architecture
